Last updated on 2023-12-11 04:51:30 CET.
Flavor | Version | Tinstall | Tcheck | Ttotal | Status | Flags |
---|---|---|---|---|---|---|
r-devel-linux-x86_64-debian-clang | 0.1.1 | 15.16 | 58.64 | 73.80 | NOTE | |
r-devel-linux-x86_64-debian-gcc | 0.1.1 | 11.44 | 42.27 | 53.71 | NOTE | |
r-devel-linux-x86_64-fedora-clang | 0.1.1 | 93.05 | NOTE | |||
r-devel-linux-x86_64-fedora-gcc | 0.1.1 | 99.17 | NOTE | |||
r-devel-windows-x86_64 | 0.1.1 | 11.00 | 72.00 | 83.00 | NOTE | |
r-patched-linux-x86_64 | 0.1.1 | 12.62 | 56.92 | 69.54 | NOTE | |
r-release-linux-x86_64 | 0.1.1 | 12.09 | 56.42 | 68.51 | NOTE | |
r-release-macos-arm64 | 0.1.1 | 32.00 | NOTE | |||
r-release-macos-x86_64 | 0.1.1 | 54.00 | NOTE | |||
r-release-windows-x86_64 | 0.1.1 | 11.00 | 77.00 | 88.00 | NOTE | |
r-oldrel-macos-arm64 | 0.1.1 | 30.00 | NOTE | |||
r-oldrel-macos-x86_64 | 0.1.1 | 36.00 | NOTE | |||
r-oldrel-windows-x86_64 | 0.1.1 | 15.00 | 75.00 | 90.00 | NOTE |
Version: 0.1.1
Check: LazyData
Result: NOTE
'LazyData' is specified without a 'data' directory
Flavors: r-devel-linux-x86_64-debian-clang, r-devel-linux-x86_64-debian-gcc, r-devel-linux-x86_64-fedora-clang, r-devel-linux-x86_64-fedora-gcc, r-devel-windows-x86_64, r-patched-linux-x86_64, r-release-linux-x86_64, r-release-macos-arm64, r-release-macos-x86_64, r-release-windows-x86_64, r-oldrel-macos-arm64, r-oldrel-macos-x86_64, r-oldrel-windows-x86_64