CRAN Package Check Results for Package USgas

Last updated on 2024-03-02 04:48:38 CET.

Flavor Version Tinstall Tcheck Ttotal Status Flags
r-devel-linux-x86_64-debian-clang 0.1.2 2.78 30.60 33.38 OK
r-devel-linux-x86_64-debian-gcc 0.1.2 2.94 23.86 26.80 OK
r-devel-linux-x86_64-fedora-clang 0.1.2 42.55 NOTE
r-devel-linux-x86_64-fedora-gcc 0.1.2 54.89 OK
r-devel-windows-x86_64 0.1.2 4.00 45.00 49.00 NOTE
r-patched-linux-x86_64 0.1.2 3.77 30.19 33.96 OK
r-release-linux-x86_64 0.1.2 3.56 30.14 33.70 OK
r-release-macos-arm64 0.1.2 36.00 NOTE
r-release-macos-x86_64 0.1.2 56.00 NOTE
r-release-windows-x86_64 0.1.2 6.00 67.00 73.00 NOTE
r-oldrel-macos-arm64 0.1.2 23.00 NOTE
r-oldrel-windows-x86_64 0.1.2 5.00 59.00 64.00 NOTE

Check Details

Version: 0.1.2
Check: installed package size
Result: NOTE installed size is 5.3Mb sub-directories of 1Mb or more: doc 3.8Mb Flavors: r-devel-linux-x86_64-fedora-clang, r-devel-windows-x86_64, r-release-macos-arm64, r-release-macos-x86_64, r-release-windows-x86_64, r-oldrel-macos-arm64, r-oldrel-windows-x86_64