Last updated on 2023-12-07 04:56:41 CET.
Flavor | Version | Tinstall | Tcheck | Ttotal | Status | Flags |
---|---|---|---|---|---|---|
r-devel-linux-x86_64-debian-clang | 0.1.0 | 12.82 | 116.17 | 128.99 | OK | |
r-devel-linux-x86_64-debian-gcc | 0.1.0 | 10.60 | 86.28 | 96.88 | OK | |
r-devel-linux-x86_64-fedora-clang | 0.1.0 | 154.20 | NOTE | |||
r-devel-linux-x86_64-fedora-gcc | 0.1.0 | 163.29 | NOTE | |||
r-devel-windows-x86_64 | 0.1.0 | 11.00 | 96.00 | 107.00 | OK | |
r-patched-linux-x86_64 | 0.1.0 | 8.16 | 108.89 | 117.05 | OK | |
r-release-linux-x86_64 | 0.1.0 | 8.21 | 108.94 | 117.15 | OK | |
r-release-macos-arm64 | 0.1.0 | 54.00 | OK | |||
r-release-macos-x86_64 | 0.1.0 | 88.00 | OK | |||
r-release-windows-x86_64 | 0.1.0 | 15.00 | 115.00 | 130.00 | OK | |
r-oldrel-macos-arm64 | 0.1.0 | 43.00 | NOTE | |||
r-oldrel-macos-x86_64 | 0.1.0 | 82.00 | NOTE | |||
r-oldrel-windows-x86_64 | 0.1.0 | 16.00 | 116.00 | 132.00 | OK |
Version: 0.1.0
Check: data for non-ASCII characters
Result: NOTE
Note: found 34 marked Latin-1 strings
Flavors: r-devel-linux-x86_64-fedora-clang, r-devel-linux-x86_64-fedora-gcc, r-oldrel-macos-arm64, r-oldrel-macos-x86_64