Last updated on 2023-12-10 04:56:16 CET.
Flavor | Version | Tinstall | Tcheck | Ttotal | Status | Flags |
---|---|---|---|---|---|---|
r-devel-linux-x86_64-debian-clang | 2.1.1 | 15.37 | 121.23 | 136.60 | NOTE | |
r-devel-linux-x86_64-debian-gcc | 2.1.1 | 12.52 | 90.16 | 102.68 | NOTE | |
r-devel-linux-x86_64-fedora-clang | 2.1.1 | 166.75 | OK | |||
r-devel-linux-x86_64-fedora-gcc | 2.1.1 | 164.39 | OK | |||
r-devel-windows-x86_64 | 2.1.1 | 15.00 | 99.00 | 114.00 | OK | |
r-patched-linux-x86_64 | 2.1.1 | 16.55 | 117.91 | 134.46 | OK | |
r-release-linux-x86_64 | 2.1.1 | 16.74 | 113.92 | 130.66 | OK | |
r-release-macos-arm64 | 2.1.1 | 69.00 | OK | |||
r-release-macos-x86_64 | 2.1.1 | 82.00 | OK | |||
r-release-windows-x86_64 | 2.1.1 | 19.00 | 121.00 | 140.00 | OK | |
r-oldrel-macos-arm64 | 2.1.1 | 46.00 | OK | |||
r-oldrel-macos-x86_64 | 2.1.1 | 100.00 | OK | |||
r-oldrel-windows-x86_64 | 2.1.1 | 19.00 | 119.00 | 138.00 | OK |
Version: 2.1.1
Check: Rd files
Result: NOTE
checkRd: (-1) trtsel.Rd:69: Lost braces; missing escapes or markup?
69 | numeric with two values {0,1} and gaussian(link = "identity") otherwise.
| ^
Flavors: r-devel-linux-x86_64-debian-clang, r-devel-linux-x86_64-debian-gcc