Last updated on 2023-12-03 04:56:24 CET.
Flavor | Version | Tinstall | Tcheck | Ttotal | Status | Flags |
---|---|---|---|---|---|---|
r-devel-linux-x86_64-debian-clang | 1.0.8 | 11.10 | 117.19 | 128.29 | NOTE | |
r-devel-linux-x86_64-debian-gcc | 1.0.8 | 9.51 | 86.52 | 96.03 | NOTE | |
r-devel-linux-x86_64-fedora-clang | 1.0.8 | 157.67 | NOTE | |||
r-devel-linux-x86_64-fedora-gcc | 1.0.8 | 170.70 | NOTE | |||
r-devel-windows-x86_64 | 1.0.8 | 12.00 | 123.00 | 135.00 | NOTE | |
r-patched-linux-x86_64 | 1.0.8 | 7.36 | 156.66 | 164.02 | NOTE | |
r-release-linux-x86_64 | 1.0.8 | 7.06 | 163.36 | 170.42 | NOTE | |
r-release-macos-arm64 | 1.0.8 | 83.00 | NOTE | |||
r-release-macos-x86_64 | 1.0.8 | 124.00 | NOTE | |||
r-release-windows-x86_64 | 1.0.8 | 15.00 | 171.00 | 186.00 | NOTE | |
r-oldrel-macos-arm64 | 1.0.8 | 96.00 | NOTE | |||
r-oldrel-macos-x86_64 | 1.0.8 | 130.00 | NOTE | |||
r-oldrel-windows-x86_64 | 1.0.8 | 15.00 | 171.00 | 186.00 | NOTE |
Version: 1.0.8
Check: package dependencies
Result: NOTE
Packages suggested but not available for checking:
'RGtk2', 'gWidgets2RGtk2'
Flavors: r-devel-linux-x86_64-debian-clang, r-devel-linux-x86_64-debian-gcc, r-devel-linux-x86_64-fedora-clang, r-devel-linux-x86_64-fedora-gcc, r-devel-windows-x86_64, r-patched-linux-x86_64, r-release-linux-x86_64, r-release-macos-arm64, r-release-macos-x86_64, r-release-windows-x86_64, r-oldrel-macos-arm64, r-oldrel-macos-x86_64
Version: 1.0.8
Check: package dependencies
Result: NOTE
Package suggested but not available for checking: 'RGtk2'
Flavor: r-oldrel-windows-x86_64