Last updated on 2023-12-02 04:52:32 CET.
Flavor | Version | Tinstall | Tcheck | Ttotal | Status | Flags |
---|---|---|---|---|---|---|
r-devel-linux-x86_64-debian-clang | 1.0.6 | 14.12 | 120.90 | 135.02 | OK | |
r-devel-linux-x86_64-debian-gcc | 1.0.6 | 10.99 | 92.57 | 103.56 | OK | |
r-devel-linux-x86_64-fedora-clang | 1.0.6 | 162.43 | OK | |||
r-devel-linux-x86_64-fedora-gcc | 1.0.6 | 174.86 | OK | |||
r-devel-windows-x86_64 | 1.0.6 | 13.00 | 122.00 | 135.00 | OK | |
r-patched-linux-x86_64 | 1.0.6 | 12.79 | 114.10 | 126.89 | OK | |
r-release-linux-x86_64 | 1.0.6 | 9.91 | 115.27 | 125.18 | OK | |
r-release-macos-arm64 | 1.0.6 | 39.00 | OK | |||
r-release-macos-x86_64 | 1.0.6 | 60.00 | NOTE | |||
r-release-windows-x86_64 | 1.0.6 | 18.00 | 139.00 | 157.00 | OK | |
r-oldrel-macos-arm64 | 1.0.6 | 32.00 | OK | |||
r-oldrel-macos-x86_64 | 1.0.6 | 62.00 | OK | |||
r-oldrel-windows-x86_64 | 1.0.6 | 17.00 | 143.00 | 160.00 | OK |
Version: 1.0.6
Check: re-building of vignette outputs
Result: NOTE
Error(s) in re-building vignettes:
--- re-building ‘ToolsForCoDa.Rnw’ using Sweave
Loading required package: mice
Attaching package: 'mice'
The following object is masked from 'package:stats':
filter
The following objects are masked from 'package:base':
cbind, rbind
Loading required package: Rsolnp
Loading required package: nnet
Loading required package: MASS
Loading required package: calibrate
Error: processing vignette 'ToolsForCoDa.Rnw' failed with diagnostics:
Running 'texi2dvi' on 'ToolsForCoDa.tex' failed.
LaTeX errors:
! LaTeX Error: File `wasysym.sty' not found.
Type X to quit or <RETURN> to proceed,
or enter new name. (Default extension: sty)
! Emergency stop.
<read *>
l.10 ^^M
! ==> Fatal error occurred, no output PDF file produced!
--- failed re-building 'ToolsForCoDa.Rnw'
SUMMARY: processing the following file failed:
'ToolsForCoDa.Rnw'
Error: Vignette re-building failed.
Execution halted
Flavor: r-release-macos-x86_64