CRAN Package Check Results for Package Tex4exams

Last updated on 2024-02-27 04:50:52 CET.

Flavor Version Tinstall Tcheck Ttotal Status Flags
r-devel-linux-x86_64-debian-clang 0.1.2 3.29 31.81 35.10 NOTE
r-devel-linux-x86_64-debian-gcc 0.1.2 2.53 24.93 27.46 NOTE
r-devel-linux-x86_64-fedora-clang 0.1.2 43.47 NOTE
r-devel-linux-x86_64-fedora-gcc 0.1.2 46.27 NOTE
r-devel-windows-x86_64 0.1.2 4.00 51.00 55.00 OK
r-patched-linux-x86_64 0.1.2 3.30 31.64 34.94 OK
r-release-linux-x86_64 0.1.2 3.23 31.66 34.89 OK
r-release-macos-arm64 0.1.2 20.00 OK
r-release-macos-x86_64 0.1.2 44.00 OK
r-release-windows-x86_64 0.1.2 6.00 173.00 179.00 OK
r-oldrel-macos-arm64 0.1.2 19.00 OK
r-oldrel-windows-x86_64 0.1.2 6.00 61.00 67.00 OK

Check Details

Version: 0.1.2
Check: Rd files
Result: NOTE checkRd: (-1) permucycle.Rd:37: Lost braces; missing escapes or markup? 37 | {The 2 in the first row means there are two cycles;} | ^ checkRd: (-1) permucycle.Rd:38: Lost braces; missing escapes or markup? 38 | {The second row means there is a cycle of length 2, with members (1,3);} | ^ checkRd: (-1) permucycle.Rd:39: Lost braces; missing escapes or markup? 39 | {The third row means there is a cycle of length 1, with member (2);} | ^ checkRd: (-1) permucycle.Rd:40: Lost braces; missing escapes or markup? 40 | {The fourth row is redundant for this specific case.} | ^ checkRd: (-1) permucycle.Rd:41: Lost braces; missing escapes or markup? 41 | {One can read from the output of permucycle() to obtain cycle notation (13)(2) of the permutation, and other information.} | ^ Flavors: r-devel-linux-x86_64-debian-clang, r-devel-linux-x86_64-debian-gcc, r-devel-linux-x86_64-fedora-clang, r-devel-linux-x86_64-fedora-gcc