CRAN Package Check Results for Package TestingSimilarity

Last updated on 2023-09-27 06:02:22 CEST.

Flavor Version Tinstall Tcheck Ttotal Status Flags
r-devel-linux-x86_64-debian-clang 1.1 5.30 51.65 56.95 NOTE
r-devel-linux-x86_64-debian-gcc 1.1 4.75 38.76 43.51 NOTE
r-devel-linux-x86_64-fedora-clang 1.1 68.02 NOTE
r-devel-linux-x86_64-fedora-gcc 1.1 71.15 NOTE
r-devel-windows-x86_64 1.1 7.00 59.00 66.00 NOTE
r-patched-linux-x86_64 1.1 5.57 49.07 54.64 NOTE
r-release-linux-x86_64 1.1 4.26 49.29 53.55 NOTE
r-release-macos-arm64 1.1 24.00 NOTE
r-release-macos-x86_64 1.1 36.00 NOTE
r-release-windows-x86_64 1.1 9.00 64.00 73.00 NOTE
r-oldrel-macos-arm64 1.1 16.00 NOTE
r-oldrel-macos-x86_64 1.1 24.00 NOTE
r-oldrel-windows-x86_64 1.1 8.00 242.00 250.00 NOTE

Check Details

Version: 1.1
Check: LazyData
Result: NOTE
     'LazyData' is specified without a 'data' directory
Flavors: r-devel-linux-x86_64-debian-clang, r-devel-linux-x86_64-debian-gcc, r-devel-linux-x86_64-fedora-clang, r-devel-linux-x86_64-fedora-gcc, r-devel-windows-x86_64, r-patched-linux-x86_64, r-release-linux-x86_64, r-release-macos-arm64, r-release-macos-x86_64, r-release-windows-x86_64, r-oldrel-macos-arm64, r-oldrel-macos-x86_64, r-oldrel-windows-x86_64