CRAN Package Check Results for Package TestGardener

Last updated on 2024-06-14 05:58:42 CEST.

Flavor Version Tinstall Tcheck Ttotal Status Flags
r-devel-linux-x86_64-debian-clang 3.3.3 21.25 171.41 192.66 OK
r-devel-linux-x86_64-debian-gcc 3.3.3 0.46 1.58 2.04 ERROR
r-devel-linux-x86_64-fedora-clang 3.3.3 237.29 OK
r-devel-linux-x86_64-fedora-gcc 3.3.3 218.65 OK
r-devel-windows-x86_64 3.3.3 18.00 140.00 158.00 OK
r-patched-linux-x86_64 3.3.3 29.32 163.87 193.19 OK
r-release-linux-x86_64 3.3.3 17.84 161.14 178.98 OK
r-release-macos-arm64 3.3.3 63.00 OK
r-release-macos-x86_64 3.3.3 89.00 OK
r-release-windows-x86_64 3.3.3 19.00 142.00 161.00 OK
r-oldrel-macos-arm64 3.3.3 50.00 OK
r-oldrel-macos-x86_64 3.3.3 86.00 OK
r-oldrel-windows-x86_64 3.3.3 23.00 174.00 197.00 OK

Check Details

Version: 3.3.3
Check: package dependencies
Result: ERROR Packages required but not available: 'fda', 'ggplot2', 'plotly', 'dplyr', 'ggpubr', 'stringr', 'tidyr' See section ‘The DESCRIPTION file’ in the ‘Writing R Extensions’ manual. Flavor: r-devel-linux-x86_64-debian-gcc