CRAN Package Check Results for Package TesiproV

Last updated on 2024-02-23 05:07:34 CET.

Flavor Version Tinstall Tcheck Ttotal Status Flags
r-devel-linux-x86_64-debian-clang 0.9.2 NOTE
r-devel-linux-x86_64-debian-gcc 0.9.2 7.57 53.59 61.16 NOTE
r-devel-linux-x86_64-fedora-clang 0.9.2 104.39 NOTE
r-devel-linux-x86_64-fedora-gcc 0.9.2 116.30 NOTE
r-devel-windows-x86_64 0.9.2 8.00 73.00 81.00 OK
r-patched-linux-x86_64 0.9.2 6.29 68.98 75.27 OK
r-release-linux-x86_64 0.9.2 5.85 70.62 76.47 OK
r-release-macos-arm64 0.9.2 39.00 OK
r-release-macos-x86_64 0.9.2 66.00 OK
r-release-windows-x86_64 0.9.2 12.00 82.00 94.00 OK
r-oldrel-macos-arm64 0.9.2 36.00 OK
r-oldrel-windows-x86_64 0.9.2 14.00 142.00 156.00 OK

Check Details

Version: 0.9.2
Check: Rd files
Result: NOTE checkRd: (-1) MC_CRUDE.Rd:19: Lost braces; missing escapes or markup? 19 | \item{lsf}{objective function with limit state function in form of function(x) {x[1]+x[2]...}} | ^ checkRd: (-1) MC_IS.Rd:23: Lost braces; missing escapes or markup? 23 | \item{lsf}{objective function with limit state function in form of function(x) {x[1]+x[2]...}} | ^ checkRd: (-1) PROB_BASEVAR-class.Rd:14: Lost braces 14 | \item{\code{Id}}{Place in vector of objective functional expression function(x){x[id]}} | ^ checkRd: (-1) PROB_DETVAR-class.Rd:14: Lost braces 14 | \item{\code{Id}}{Place in vector of objective functional expression function(x){x[id]}} | ^ checkRd: (-1) SORM.Rd:10: Lost braces; missing escapes or markup? 10 | \item{lsf}{objective function with limit state function in form of function(x) {x[1]+x[2]...}} | ^ checkRd: (-1) SYS_LSF-class.Rd:16: Lost braces 16 | \item{\code{func}}{prepared for objective functions like SYS_LSF$func <- function(x){return(x[1] + x[2])}} | ^ Flavors: r-devel-linux-x86_64-debian-clang, r-devel-linux-x86_64-debian-gcc, r-devel-linux-x86_64-fedora-clang, r-devel-linux-x86_64-fedora-gcc