CRAN Package Check Results for Package TensorClustering

Last updated on 2023-12-03 04:56:23 CET.

Flavor Version Tinstall Tcheck Ttotal Status Flags
r-devel-linux-x86_64-debian-clang 1.0.2 7.96 46.68 54.64 OK
r-devel-linux-x86_64-debian-gcc 1.0.2 6.10 35.93 42.03 OK
r-devel-linux-x86_64-fedora-clang 1.0.2 69.70 NOTE
r-devel-linux-x86_64-fedora-gcc 1.0.2 65.66 NOTE
r-devel-windows-x86_64 1.0.2 9.00 59.00 68.00 OK
r-patched-linux-x86_64 1.0.2 7.12 46.40 53.52 OK
r-release-linux-x86_64 1.0.2 6.39 45.26 51.65 OK
r-release-macos-arm64 1.0.2 25.00 OK
r-release-macos-x86_64 1.0.2 38.00 OK
r-release-windows-x86_64 1.0.2 11.00 67.00 78.00 OK
r-oldrel-macos-arm64 1.0.2 26.00 NOTE
r-oldrel-macos-x86_64 1.0.2 32.00 NOTE
r-oldrel-windows-x86_64 1.0.2 10.00 72.00 82.00 OK

Check Details

Version: 1.0.2
Check: dependencies in R code
Result: NOTE Namespace in Imports field not imported from: ‘Rcpp’ All declared Imports should be used. Flavors: r-devel-linux-x86_64-fedora-clang, r-devel-linux-x86_64-fedora-gcc, r-oldrel-macos-arm64, r-oldrel-macos-x86_64