CRAN Package Check Results for Package TapeS

Last updated on 2024-03-02 04:48:37 CET.

Flavor Version Tinstall Tcheck Ttotal Status Flags
r-devel-linux-x86_64-debian-clang 0.12.1 54.86 72.75 127.61 NOTE
r-devel-linux-x86_64-debian-gcc 0.12.1 43.16 55.90 99.06 NOTE
r-devel-linux-x86_64-fedora-clang 0.12.1 175.48 NOTE
r-devel-linux-x86_64-fedora-gcc 0.12.1 195.99 NOTE
r-devel-windows-x86_64 0.12.1 43.00 98.00 141.00 OK
r-patched-linux-x86_64 0.12.1 53.07 71.99 125.06 OK
r-release-linux-x86_64 0.12.1 54.45 71.99 126.44 OK
r-release-macos-arm64 0.12.1 59.00 OK
r-release-macos-x86_64 0.12.1 93.00 OK
r-release-windows-x86_64 0.12.1 55.00 118.00 173.00 OK
r-oldrel-macos-arm64 0.12.1 57.00 OK
r-oldrel-windows-x86_64 0.12.1 54.00 280.00 334.00 OK

Check Details

Version: 0.12.1
Check: Rd files
Result: NOTE checkRd: (-1) SKPar.Rd:36: Lost braces in \itemize; meant \describe ? checkRd: (-1) SKPar.Rd:37: Lost braces in \itemize; meant \describe ? checkRd: (-1) SKPar.Rd:38: Lost braces in \itemize; meant \describe ? checkRd: (-1) SKPar.Rd:39: Lost braces in \itemize; meant \describe ? checkRd: (-1) SKPar.Rd:40: Lost braces in \itemize; meant \describe ? checkRd: (-1) SKPar.Rd:41: Lost braces in \itemize; meant \describe ? checkRd: (-1) SKPar.Rd:42: Lost braces in \itemize; meant \describe ? checkRd: (-1) SKPar.Rd:43: Lost braces in \itemize; meant \describe ? Flavors: r-devel-linux-x86_64-debian-clang, r-devel-linux-x86_64-debian-gcc, r-devel-linux-x86_64-fedora-clang, r-devel-linux-x86_64-fedora-gcc