Last updated on 2023-11-29 04:57:40 CET.
Flavor | Version | Tinstall | Tcheck | Ttotal | Status | Flags |
---|---|---|---|---|---|---|
r-devel-linux-x86_64-debian-clang | 1.0.2 | 17.46 | 101.62 | 119.08 | OK | |
r-devel-linux-x86_64-debian-gcc | 1.0.2 | 12.41 | 71.51 | 83.92 | OK | |
r-devel-linux-x86_64-fedora-clang | 1.0.2 | 146.66 | NOTE | |||
r-devel-linux-x86_64-fedora-gcc | 1.0.2 | 138.00 | OK | |||
r-devel-windows-x86_64 | 1.0.2 | 17.00 | 95.00 | 112.00 | OK | |
r-patched-linux-x86_64 | 1.0.2 | 15.63 | 91.95 | 107.58 | OK | |
r-release-linux-x86_64 | 1.0.2 | 14.27 | 93.17 | 107.44 | OK | |
r-release-macos-arm64 | 1.0.2 | 43.00 | OK | |||
r-release-macos-x86_64 | 1.0.2 | 72.00 | OK | |||
r-release-windows-x86_64 | 1.0.2 | 21.00 | 255.00 | 276.00 | OK | |
r-oldrel-macos-arm64 | 1.0.2 | 39.00 | OK | |||
r-oldrel-macos-x86_64 | 1.0.2 | 56.00 | OK | |||
r-oldrel-windows-x86_64 | 1.0.2 | 20.00 | 113.00 | 133.00 | OK |
Version: 1.0.2
Check: installed package size
Result: NOTE
installed size is 7.0Mb
sub-directories of 1Mb or more:
libs 6.4Mb
Flavor: r-devel-linux-x86_64-fedora-clang