Last updated on 2023-12-10 04:56:16 CET.
Flavor | Version | Tinstall | Tcheck | Ttotal | Status | Flags |
---|---|---|---|---|---|---|
r-devel-linux-x86_64-debian-clang | 1.5.9 | 23.10 | 134.25 | 157.35 | NOTE | |
r-devel-linux-x86_64-debian-gcc | 1.5.9 | 17.18 | 97.09 | 114.27 | NOTE | |
r-devel-linux-x86_64-fedora-clang | 1.5.9 | 200.67 | NOTE | |||
r-devel-linux-x86_64-fedora-gcc | 1.5.9 | 203.73 | NOTE | |||
r-devel-windows-x86_64 | 1.5.9 | 17.00 | 110.00 | 127.00 | NOTE | |
r-patched-linux-x86_64 | 1.5.9 | 25.62 | 126.63 | 152.25 | OK | |
r-release-linux-x86_64 | 1.5.9 | 19.42 | 124.63 | 144.05 | OK | |
r-release-macos-arm64 | 1.5.9 | 70.00 | OK | |||
r-release-macos-x86_64 | 1.5.9 | 117.00 | OK | |||
r-release-windows-x86_64 | 1.5.9 | 22.00 | 120.00 | 142.00 | OK | |
r-oldrel-macos-arm64 | 1.5.9 | 84.00 | OK | |||
r-oldrel-macos-x86_64 | 1.5.9 | 173.00 | OK | |||
r-oldrel-windows-x86_64 | 1.5.9 | 20.00 | 364.00 | 384.00 | OK |
Version: 1.5.9
Check: Rd files
Result: NOTE
checkRd: (-1) FULLoption.Rd:180: Lost braces; missing escapes or markup?
180 | (see the function {selectdirectory} more more informations)
| ^
checkRd: (-1) fixdata.Rd:18: Lost braces; missing escapes or markup?
18 | fixdata() call the function fix() that act on the rawdata base. The fix() function itself call the function edit() from the package {utils}
| ^
Flavors: r-devel-linux-x86_64-debian-clang, r-devel-linux-x86_64-debian-gcc
Version: 1.5.9
Check: Rd metadata
Result: NOTE
Invalid package aliases in Rd file 'TTAinterface-package.Rd':
‘TTAinterface-package’
Flavors: r-devel-linux-x86_64-debian-clang, r-devel-linux-x86_64-debian-gcc, r-devel-linux-x86_64-fedora-clang, r-devel-linux-x86_64-fedora-gcc, r-devel-windows-x86_64