CRAN Package Check Results for Package TSPred

Last updated on 2024-02-23 05:07:35 CET.

Flavor Version Tinstall Tcheck Ttotal Status Flags
r-devel-linux-x86_64-debian-clang 5.1 OK
r-devel-linux-x86_64-debian-gcc 5.1 7.59 69.57 77.16 OK
r-devel-linux-x86_64-fedora-clang 5.1 125.30 NOTE
r-devel-linux-x86_64-fedora-gcc 5.1 120.63 NOTE
r-devel-windows-x86_64 5.1 9.00 105.00 114.00 OK
r-patched-linux-x86_64 5.1 17.36 92.20 109.56 OK
r-release-linux-x86_64 5.1 5.88 91.79 97.67 OK
r-release-macos-arm64 5.1 42.00 OK
r-release-macos-x86_64 5.1 57.00 OK
r-release-windows-x86_64 5.1 12.00 286.00 298.00 OK
r-oldrel-macos-arm64 5.1 38.00 NOTE
r-oldrel-windows-x86_64 5.1 13.00 193.00 206.00 OK

Check Details

Version: 5.1
Check: dependencies in R code
Result: NOTE Namespaces in Imports field not imported from: ‘EMD’ ‘vars’ All declared Imports should be used. Flavors: r-devel-linux-x86_64-fedora-clang, r-devel-linux-x86_64-fedora-gcc, r-oldrel-macos-arm64