Last updated on 2023-12-10 04:56:16 CET.
Flavor | Version | Tinstall | Tcheck | Ttotal | Status | Flags |
---|---|---|---|---|---|---|
r-devel-linux-x86_64-debian-clang | 0.1.1 | 5.80 | 78.60 | 84.40 | NOTE | |
r-devel-linux-x86_64-debian-gcc | 0.1.1 | 5.98 | 58.05 | 64.03 | NOTE | |
r-devel-linux-x86_64-fedora-clang | 0.1.1 | 103.22 | NOTE | |||
r-devel-linux-x86_64-fedora-gcc | 0.1.1 | 99.57 | NOTE | |||
r-devel-windows-x86_64 | 0.1.1 | 8.00 | 163.00 | 171.00 | NOTE | |
r-patched-linux-x86_64 | 0.1.1 | 4.97 | 73.53 | 78.50 | NOTE | |
r-release-linux-x86_64 | 0.1.1 | 4.06 | 73.04 | 77.10 | NOTE | |
r-release-macos-arm64 | 0.1.1 | 34.00 | NOTE | |||
r-release-macos-x86_64 | 0.1.1 | 52.00 | NOTE | |||
r-release-windows-x86_64 | 0.1.1 | 9.00 | 216.00 | 225.00 | NOTE | |
r-oldrel-macos-arm64 | 0.1.1 | 36.00 | NOTE | |||
r-oldrel-macos-x86_64 | 0.1.1 | 65.00 | NOTE | |||
r-oldrel-windows-x86_64 | 0.1.1 | 10.00 | 95.00 | 105.00 | NOTE |
Version: 0.1.1
Check: LazyData
Result: NOTE
'LazyData' is specified without a 'data' directory
Flavors: r-devel-linux-x86_64-debian-clang, r-devel-linux-x86_64-debian-gcc, r-devel-linux-x86_64-fedora-clang, r-devel-linux-x86_64-fedora-gcc, r-devel-windows-x86_64, r-patched-linux-x86_64, r-release-linux-x86_64, r-release-macos-arm64, r-release-macos-x86_64, r-release-windows-x86_64, r-oldrel-macos-arm64, r-oldrel-macos-x86_64, r-oldrel-windows-x86_64