CRAN Package Check Results for Package TSCI

Last updated on 2024-06-14 05:58:43 CEST.

Flavor Version Tinstall Tcheck Ttotal Status Flags
r-devel-linux-x86_64-debian-clang 3.0.4 10.45 118.72 129.17 OK
r-devel-linux-x86_64-debian-gcc 3.0.4 0.42 1.71 2.13 ERROR
r-devel-linux-x86_64-fedora-clang 3.0.4 158.04 OK
r-devel-linux-x86_64-fedora-gcc 3.0.4 145.11 OK
r-devel-windows-x86_64 3.0.4 9.00 188.00 197.00 OK
r-patched-linux-x86_64 3.0.4 10.81 114.11 124.92 OK
r-release-linux-x86_64 3.0.4 11.32 114.07 125.39 OK
r-release-macos-arm64 3.0.4 46.00 OK
r-release-macos-x86_64 3.0.4 84.00 OK
r-release-windows-x86_64 3.0.4 10.00 214.00 224.00 OK
r-oldrel-macos-arm64 3.0.4 44.00 OK
r-oldrel-macos-x86_64 3.0.4 98.00 OK
r-oldrel-windows-x86_64 3.0.4 13.00 197.00 210.00 OK

Check Details

Version: 3.0.4
Check: package dependencies
Result: ERROR Package required but not available: ‘fastDummies’ Packages suggested but not available for checking: 'fda', 'testthat' See section ‘The DESCRIPTION file’ in the ‘Writing R Extensions’ manual. Flavor: r-devel-linux-x86_64-debian-gcc