Last updated on 2023-11-30 04:53:10 CET.
Flavor | Version | Tinstall | Tcheck | Ttotal | Status | Flags |
---|---|---|---|---|---|---|
r-devel-linux-x86_64-debian-clang | 0.8.3 | 1.96 | 51.60 | 53.56 | OK | |
r-devel-linux-x86_64-debian-gcc | 0.8.3 | 2.08 | 36.66 | 38.74 | OK | |
r-devel-linux-x86_64-fedora-clang | 0.8.3 | 67.95 | NOTE | |||
r-devel-linux-x86_64-fedora-gcc | 0.8.3 | 59.24 | NOTE | |||
r-devel-windows-x86_64 | 0.8.3 | 3.00 | 67.00 | 70.00 | OK | |
r-patched-linux-x86_64 | 0.8.3 | 2.74 | 47.11 | 49.85 | OK | |
r-release-linux-x86_64 | 0.8.3 | 2.67 | 45.80 | 48.47 | OK | |
r-release-macos-arm64 | 0.8.3 | 31.00 | OK | |||
r-release-macos-x86_64 | 0.8.3 | 61.00 | OK | |||
r-release-windows-x86_64 | 0.8.3 | 3.00 | 72.00 | 75.00 | OK | |
r-oldrel-macos-arm64 | 0.8.3 | 32.00 | OK | |||
r-oldrel-macos-x86_64 | 0.8.3 | 42.00 | OK | |||
r-oldrel-windows-x86_64 | 0.8.3 | 4.00 | 108.00 | 112.00 | OK |
Version: 0.8.3
Check: dependencies in R code
Result: NOTE
Namespace in Imports field not imported from: ‘MASS’
All declared Imports should be used.
Flavors: r-devel-linux-x86_64-fedora-clang, r-devel-linux-x86_64-fedora-gcc