CRAN Package Check Results for Package TMDb

Last updated on 2023-12-11 04:51:29 CET.

Flavor Version Tinstall Tcheck Ttotal Status Flags
r-devel-linux-x86_64-debian-clang 1.1 4.87 45.09 49.96 NOTE
r-devel-linux-x86_64-debian-gcc 1.1 4.47 34.31 38.78 NOTE
r-devel-linux-x86_64-fedora-clang 1.1 62.74 NOTE
r-devel-linux-x86_64-fedora-gcc 1.1 61.69 NOTE
r-devel-windows-x86_64 1.1 6.00 160.00 166.00 NOTE
r-patched-linux-x86_64 1.1 5.93 44.43 50.36 NOTE
r-release-linux-x86_64 1.1 5.14 44.00 49.14 NOTE
r-release-macos-arm64 1.1 24.00 NOTE
r-release-macos-x86_64 1.1 33.00 NOTE
r-release-windows-x86_64 1.1 7.00 92.00 99.00 NOTE
r-oldrel-macos-arm64 1.1 20.00 NOTE
r-oldrel-macos-x86_64 1.1 30.00 NOTE
r-oldrel-windows-x86_64 1.1 8.00 87.00 95.00 NOTE

Check Details

Version: 1.1
Check: Rd files
Result: NOTE checkRd: (-1) tv_episode_changes.Rd:29: Lost braces; missing escapes or markup? 29 | This method is used in conjunction with the /tv/{id}/changes method. This method uses the episode_id value found in the change entries. | ^ checkRd: (-1) tv_season_changes.Rd:29: Lost braces; missing escapes or markup? 29 | This method is used in conjunction with the /tv/{id}/changes method. This method uses the season_id value found in the change entries. | ^ Flavors: r-devel-linux-x86_64-debian-clang, r-devel-linux-x86_64-debian-gcc

Version: 1.1
Check: LazyData
Result: NOTE 'LazyData' is specified without a 'data' directory Flavors: r-devel-linux-x86_64-debian-clang, r-devel-linux-x86_64-debian-gcc, r-devel-linux-x86_64-fedora-clang, r-devel-linux-x86_64-fedora-gcc, r-devel-windows-x86_64, r-patched-linux-x86_64, r-release-linux-x86_64, r-release-macos-arm64, r-release-macos-x86_64, r-release-windows-x86_64, r-oldrel-macos-arm64, r-oldrel-macos-x86_64, r-oldrel-windows-x86_64