Last updated on 2023-12-02 04:52:32 CET.
Flavor | Version | Tinstall | Tcheck | Ttotal | Status | Flags |
---|---|---|---|---|---|---|
r-devel-linux-x86_64-debian-clang | 1.9.9 | 77.31 | 91.26 | 168.57 | OK | |
r-devel-linux-x86_64-debian-gcc | 1.9.9 | 68.84 | 71.41 | 140.25 | OK | |
r-devel-linux-x86_64-fedora-clang | 1.9.9 | 229.16 | NOTE | |||
r-devel-linux-x86_64-fedora-gcc | 1.9.9 | 265.41 | OK | |||
r-devel-windows-x86_64 | 1.9.9 | 80.00 | 103.00 | 183.00 | NOTE | |
r-patched-linux-x86_64 | 1.9.9 | 82.42 | 92.08 | 174.50 | OK | |
r-release-linux-x86_64 | 1.9.7 | 87.32 | 89.90 | 177.22 | OK | |
r-release-macos-arm64 | 1.9.9 | 65.00 | NOTE | |||
r-release-macos-x86_64 | 1.9.7 | 275.00 | NOTE | |||
r-release-windows-x86_64 | 1.9.9 | 100.00 | 104.00 | 204.00 | NOTE | |
r-oldrel-macos-arm64 | 1.9.9 | 64.00 | NOTE | |||
r-oldrel-macos-x86_64 | 1.9.6 | 92.00 | NOTE | |||
r-oldrel-windows-x86_64 | 1.9.9 | 91.00 | 107.00 | 198.00 | NOTE |
Version: 1.9.9
Check: installed package size
Result: NOTE
installed size is 5.2Mb
sub-directories of 1Mb or more:
examples 1.1Mb
include 3.7Mb
Flavors: r-devel-linux-x86_64-fedora-clang, r-devel-windows-x86_64, r-release-macos-arm64, r-release-windows-x86_64, r-oldrel-macos-arm64, r-oldrel-windows-x86_64
Version: 1.9.7
Check: installed package size
Result: NOTE
installed size is 16.6Mb
sub-directories of 1Mb or more:
examples 12.4Mb
include 3.6Mb
Flavor: r-release-macos-x86_64
Version: 1.9.6
Check: installed package size
Result: NOTE
installed size is 16.2Mb
sub-directories of 1Mb or more:
examples 12.1Mb
include 3.6Mb
Flavor: r-oldrel-macos-x86_64