CRAN Package Check Results for Package TH.data

Last updated on 2024-07-19 05:57:47 CEST.

Flavor Version Tinstall Tcheck Ttotal Status Flags
r-devel-linux-x86_64-debian-clang 1.1-2 6.14 109.06 115.20 OK
r-devel-linux-x86_64-debian-gcc 1.1-2 4.94 86.04 90.98 OK
r-devel-linux-x86_64-fedora-clang 1.1-2 151.59 NOTE
r-devel-linux-x86_64-fedora-gcc 1.1-2 166.05 OK
r-devel-windows-x86_64 1.1-2 7.00 363.00 370.00 NOTE
r-patched-linux-x86_64 1.1-2 6.60 106.58 113.18 OK
r-release-linux-x86_64 1.1-2 6.14 105.87 112.01 OK
r-release-macos-arm64 1.1-2 56.00 NOTE
r-release-macos-x86_64 1.1-2 171.00 NOTE
r-release-windows-x86_64 1.1-2 7.00 383.00 390.00 NOTE
r-oldrel-macos-arm64 1.1-2 56.00 NOTE
r-oldrel-macos-x86_64 1.1-2 128.00 NOTE
r-oldrel-windows-x86_64 1.1-2 8.00 478.00 486.00 NOTE

Check Details

Version: 1.1-2
Check: installed package size
Result: NOTE installed size is 9.0Mb sub-directories of 1Mb or more: data 1.1Mb rda 7.1Mb Flavors: r-devel-linux-x86_64-fedora-clang, r-devel-windows-x86_64, r-release-macos-arm64, r-release-macos-x86_64, r-release-windows-x86_64, r-oldrel-macos-arm64, r-oldrel-macos-x86_64, r-oldrel-windows-x86_64