Last updated on 2023-12-02 04:52:32 CET.
Flavor | Version | Tinstall | Tcheck | Ttotal | Status | Flags |
---|---|---|---|---|---|---|
r-devel-linux-x86_64-debian-clang | 1.0.1 | 13.79 | 186.45 | 200.24 | NOTE | |
r-devel-linux-x86_64-debian-gcc | 1.0.1 | 10.30 | 147.90 | 158.20 | NOTE | |
r-devel-linux-x86_64-fedora-clang | 1.0.1 | 248.59 | NOTE | |||
r-devel-linux-x86_64-fedora-gcc | 1.0.1 | 254.97 | OK | |||
r-devel-windows-x86_64 | 1.0.1 | 16.00 | 208.00 | 224.00 | OK | |
r-patched-linux-x86_64 | 1.0.1 | 17.89 | 190.32 | 208.21 | OK | |
r-release-linux-x86_64 | 1.0.1 | 13.24 | 189.70 | 202.94 | OK | |
r-release-macos-arm64 | 1.0.1 | 109.00 | OK | |||
r-release-macos-x86_64 | 1.0.1 | 198.00 | OK | |||
r-release-windows-x86_64 | 1.0.1 | 19.00 | 240.00 | 259.00 | OK | |
r-oldrel-macos-arm64 | 1.0.1 | 141.00 | OK | |||
r-oldrel-macos-x86_64 | 1.0.1 | 120.00 | OK | |||
r-oldrel-windows-x86_64 | 1.0.1 | 20.00 | 255.00 | 275.00 | OK |
Version: 1.0.1
Check: Rd files
Result: NOTE
checkRd: (-1) predict.tfunHDDC.Rd:31-39: Lost braces
31 | The teigen family. Stat Comput 22:1021{1029. <doi.org/10.1007/
| ^
Flavors: r-devel-linux-x86_64-debian-clang, r-devel-linux-x86_64-debian-gcc
Version: 1.0.1
Check: Rd cross-references
Result: NOTE
Undeclared package ‘teigen’ in Rd xrefs
Flavor: r-devel-linux-x86_64-fedora-clang