Last updated on 2023-12-11 04:51:28 CET.
Flavor | Version | Tinstall | Tcheck | Ttotal | Status | Flags |
---|---|---|---|---|---|---|
r-devel-linux-x86_64-debian-clang | 0.2.0 | 9.73 | 70.62 | 80.35 | NOTE | |
r-devel-linux-x86_64-debian-gcc | 0.2.0 | 6.28 | 53.22 | 59.50 | NOTE | |
r-devel-linux-x86_64-fedora-clang | 0.2.0 | 96.82 | OK | |||
r-devel-linux-x86_64-fedora-gcc | 0.2.0 | 91.87 | OK | |||
r-devel-windows-x86_64 | 0.2.0 | 8.00 | 69.00 | 77.00 | OK | |
r-patched-linux-x86_64 | 0.2.0 | 7.61 | 69.37 | 76.98 | OK | |
r-release-linux-x86_64 | 0.2.0 | 7.26 | 69.56 | 76.82 | OK | |
r-release-macos-arm64 | 0.2.0 | 34.00 | OK | |||
r-release-macos-x86_64 | 0.2.0 | 50.00 | OK | |||
r-release-windows-x86_64 | 0.2.0 | 10.00 | 80.00 | 90.00 | OK | |
r-oldrel-macos-arm64 | 0.2.0 | 32.00 | OK | |||
r-oldrel-macos-x86_64 | 0.2.0 | 44.00 | OK | |||
r-oldrel-windows-x86_64 | 0.2.0 | 10.00 | 87.00 | 97.00 | OK |
Version: 0.2.0
Check: Rd files
Result: NOTE
checkRd: (-1) coxDT.Rd:76: Lost braces; missing escapes or markup?
76 | The estimation procedure here is performed using coxph {survival} and inserting these estimated
| ^
Flavors: r-devel-linux-x86_64-debian-clang, r-devel-linux-x86_64-debian-gcc