CRAN Package Check Results for Package SuppDists

Last updated on 2023-12-04 05:09:23 CET.

Flavor Version Tinstall Tcheck Ttotal Status Flags
r-devel-linux-x86_64-debian-clang 1.1-9.7 9.22 29.78 39.00 NOTE
r-devel-linux-x86_64-debian-gcc 1.1-9.7 5.54 22.83 28.37 NOTE
r-devel-linux-x86_64-fedora-clang 1.1-9.7 47.07 NOTE
r-devel-linux-x86_64-fedora-gcc 1.1-9.7 46.50 NOTE
r-devel-windows-x86_64 1.1-9.7 11.00 51.00 62.00 NOTE
r-patched-linux-x86_64 1.1-9.7 7.66 29.36 37.02 NOTE
r-release-linux-x86_64 1.1-9.7 7.24 29.33 36.57 NOTE
r-release-macos-arm64 1.1-9.7 19.00 NOTE
r-release-macos-x86_64 1.1-9.7 28.00 NOTE
r-release-windows-x86_64 1.1-9.7 12.00 54.00 66.00 NOTE
r-oldrel-macos-arm64 1.1-9.7 18.00 OK
r-oldrel-macos-x86_64 1.1-9.7 26.00 OK
r-oldrel-windows-x86_64 1.1-9.7 10.00 53.00 63.00 OK

Check Details

Version: 1.1-9.7
Check: C++ specification
Result: NOTE Specified C++11: please drop specification unless essential Flavors: r-devel-linux-x86_64-debian-clang, r-devel-linux-x86_64-debian-gcc, r-devel-linux-x86_64-fedora-clang, r-devel-linux-x86_64-fedora-gcc, r-devel-windows-x86_64, r-patched-linux-x86_64, r-release-linux-x86_64, r-release-macos-arm64, r-release-macos-x86_64, r-release-windows-x86_64