Last updated on 2023-12-08 05:02:19 CET.
Flavor | Version | Tinstall | Tcheck | Ttotal | Status | Flags |
---|---|---|---|---|---|---|
r-devel-linux-x86_64-debian-clang | 1.3 | 3.33 | 418.22 | 421.55 | NOTE | |
r-devel-linux-x86_64-debian-gcc | 1.3 | 3.37 | 298.13 | 301.50 | NOTE | |
r-devel-linux-x86_64-fedora-clang | 1.3 | 507.83 | NOTE | |||
r-devel-linux-x86_64-fedora-gcc | 1.3 | 532.80 | NOTE | |||
r-devel-windows-x86_64 | 1.3 | 4.00 | 314.00 | 318.00 | NOTE | |
r-patched-linux-x86_64 | 1.3 | 4.94 | 391.04 | 395.98 | OK | |
r-release-linux-x86_64 | 1.3 | 3.73 | 381.51 | 385.24 | OK | |
r-release-macos-arm64 | 1.3 | 177.00 | OK | |||
r-release-macos-x86_64 | 1.3 | 316.00 | OK | |||
r-release-windows-x86_64 | 1.3 | 6.00 | 613.00 | 619.00 | OK | |
r-oldrel-macos-arm64 | 1.3 | 131.00 | OK | |||
r-oldrel-macos-x86_64 | 1.3 | 188.00 | OK | |||
r-oldrel-windows-x86_64 | 1.3 | 6.00 | 417.00 | 423.00 | OK |
Version: 1.3
Check: Rd metadata
Result: NOTE
Invalid package aliases in Rd file 'StructFDR-package.Rd':
‘TreeFDR-package’
Flavors: r-devel-linux-x86_64-debian-clang, r-devel-linux-x86_64-debian-gcc, r-devel-linux-x86_64-fedora-clang, r-devel-linux-x86_64-fedora-gcc, r-devel-windows-x86_64