Last updated on 2023-12-06 04:56:07 CET.
Flavor | Version | Tinstall | Tcheck | Ttotal | Status | Flags |
---|---|---|---|---|---|---|
r-devel-linux-x86_64-debian-clang | 2.26.28 | 34.23 | 530.21 | 564.44 | NOTE | |
r-devel-linux-x86_64-debian-gcc | 2.26.28 | 28.20 | 384.80 | 413.00 | NOTE | |
r-devel-linux-x86_64-fedora-clang | 2.26.28 | 663.55 | NOTE | |||
r-devel-linux-x86_64-fedora-gcc | 2.26.28 | 803.62 | NOTE | |||
r-devel-windows-x86_64 | 2.26.28 | 50.00 | 458.00 | 508.00 | NOTE | |
r-patched-linux-x86_64 | 2.26.28 | 33.88 | 537.30 | 571.18 | NOTE | |
r-release-linux-x86_64 | 2.26.28 | 35.14 | 537.18 | 572.32 | NOTE | |
r-release-macos-arm64 | 2.26.28 | 205.00 | NOTE | |||
r-release-macos-x86_64 | 2.26.28 | 355.00 | NOTE | |||
r-release-windows-x86_64 | 2.26.28 | 60.00 | 653.00 | 713.00 | NOTE | |
r-oldrel-macos-arm64 | 2.26.28 | 144.00 | NOTE | |||
r-oldrel-macos-x86_64 | 2.26.28 | 236.00 | NOTE | |||
r-oldrel-windows-x86_64 | 2.26.28 | 56.00 | 544.00 | 600.00 | NOTE |
Version: 2.26.28
Check: Rd files
Result: NOTE
checkRd: (-1) CxxFlags.Rd:27: Lost braces; missing escapes or markup?
27 | PKG_CXXFLAGS += $(shell "${R_HOME}/bin/Rscript" -e "StanHeaders:::CxxFlags()")
| ^
checkRd: (-1) CxxFlags.Rd:28: Lost braces; missing escapes or markup?
28 | PKG_LDLIBS += $(shell "${R_HOME}/bin/Rscript" -e "StanHeaders:::LdFlags()")
| ^
Flavors: r-devel-linux-x86_64-debian-clang, r-devel-linux-x86_64-debian-gcc
Version: 2.26.28
Check: for GNU extensions in Makefiles
Result: NOTE
GNU make is a SystemRequirements.
Flavors: r-devel-linux-x86_64-debian-clang, r-devel-linux-x86_64-debian-gcc, r-devel-linux-x86_64-fedora-clang, r-devel-linux-x86_64-fedora-gcc, r-devel-windows-x86_64, r-patched-linux-x86_64, r-release-linux-x86_64, r-release-macos-arm64, r-release-macos-x86_64, r-release-windows-x86_64, r-oldrel-macos-arm64, r-oldrel-macos-x86_64, r-oldrel-windows-x86_64
Version: 2.26.28
Check: installed package size
Result: NOTE
installed size is 15.6Mb
sub-directories of 1Mb or more:
include 12.5Mb
Flavors: r-devel-linux-x86_64-fedora-clang, r-devel-windows-x86_64, r-release-macos-arm64, r-release-macos-x86_64, r-release-windows-x86_64, r-oldrel-macos-arm64, r-oldrel-macos-x86_64, r-oldrel-windows-x86_64