CRAN Package Check Results for Package StackImpute

Last updated on 2024-04-23 05:58:29 CEST.

Flavor Version Tinstall Tcheck Ttotal Status Flags
r-devel-linux-x86_64-debian-clang 0.1.0 12.52 40.96 53.48 NOTE
r-devel-linux-x86_64-debian-gcc 0.1.0 9.34 32.01 41.35 NOTE
r-devel-linux-x86_64-fedora-clang 0.1.0 70.07 NOTE
r-devel-linux-x86_64-fedora-gcc 0.1.0 84.65 NOTE
r-prerel-macos-arm64 0.1.0 35.00 NOTE
r-prerel-windows-x86_64 0.1.0 11.00 61.00 72.00 NOTE
r-patched-linux-x86_64 0.1.0 9.90 40.39 50.29 NOTE
r-release-linux-x86_64 0.1.0 9.24 38.45 47.69 OK
r-release-macos-arm64 0.1.0 40.00 OK
r-release-macos-x86_64 0.1.0 53.00 OK
r-release-windows-x86_64 0.1.0 16.00 61.00 77.00 OK
r-oldrel-macos-arm64 0.1.0 31.00 NOTE
r-oldrel-windows-x86_64 0.1.0 17.00 61.00 78.00 OK

Check Details

Version: 0.1.0
Check: Rd files
Result: NOTE checkRd: (-1) stackExample.Rd:10: Lost braces in \itemize; meant \describe ? checkRd: (-1) stackExample.Rd:11: Lost braces in \itemize; meant \describe ? Flavors: r-devel-linux-x86_64-debian-clang, r-devel-linux-x86_64-debian-gcc, r-devel-linux-x86_64-fedora-clang, r-devel-linux-x86_64-fedora-gcc, r-prerel-macos-arm64, r-prerel-windows-x86_64, r-patched-linux-x86_64

Version: 0.1.0
Check: dependencies in R code
Result: NOTE Namespaces in Imports field not imported from: ‘MASS’ ‘mice’ ‘sandwich’ ‘zoo’ All declared Imports should be used. Flavors: r-devel-linux-x86_64-fedora-clang, r-devel-linux-x86_64-fedora-gcc, r-oldrel-macos-arm64