CRAN Package Check Results for Package StMoSim

Last updated on 2024-03-04 04:51:44 CET.

Flavor Version Tinstall Tcheck Ttotal Status Flags
r-devel-linux-x86_64-debian-clang 3.1.1 22.52 27.40 49.92 NOTE
r-devel-linux-x86_64-debian-gcc 3.1.1 16.77 21.46 38.23 NOTE
r-devel-linux-x86_64-fedora-clang 3.1.1 69.26 NOTE
r-devel-linux-x86_64-fedora-gcc 3.1.1 65.60 NOTE
r-devel-windows-x86_64 3.1.1 20.00 63.00 83.00 NOTE
r-patched-linux-x86_64 3.1.1 20.62 26.82 47.44 NOTE
r-release-linux-x86_64 3.1.1 20.58 27.14 47.72 NOTE
r-release-macos-arm64 3.1.1 24.00 NOTE
r-release-macos-x86_64 3.1.1 36.00 NOTE
r-release-windows-x86_64 3.1.1 20.00 69.00 89.00 NOTE
r-oldrel-macos-arm64 3.1.1 29.00 NOTE
r-oldrel-windows-x86_64 3.1.1 25.00 74.00 99.00 NOTE

Check Details

Version: 3.1.1
Check: C++ specification
Result: NOTE Specified C++11: please drop specification unless essential Flavors: r-devel-linux-x86_64-debian-clang, r-devel-linux-x86_64-debian-gcc, r-devel-linux-x86_64-fedora-clang, r-devel-linux-x86_64-fedora-gcc, r-devel-windows-x86_64, r-patched-linux-x86_64, r-release-linux-x86_64, r-release-macos-arm64, r-release-macos-x86_64, r-release-windows-x86_64

Version: 3.1.1
Check: for GNU extensions in Makefiles
Result: NOTE GNU make is a SystemRequirements. Flavors: r-devel-linux-x86_64-debian-clang, r-devel-linux-x86_64-debian-gcc, r-devel-linux-x86_64-fedora-clang, r-devel-linux-x86_64-fedora-gcc, r-devel-windows-x86_64, r-patched-linux-x86_64, r-release-linux-x86_64, r-release-macos-arm64, r-release-macos-x86_64, r-release-windows-x86_64, r-oldrel-macos-arm64, r-oldrel-windows-x86_64