Last updated on 2023-12-08 05:02:19 CET.
Flavor | Version | Tinstall | Tcheck | Ttotal | Status | Flags |
---|---|---|---|---|---|---|
r-devel-linux-x86_64-debian-clang | 1.3.0 | 11.83 | 154.59 | 166.42 | OK | |
r-devel-linux-x86_64-debian-gcc | 1.3.0 | 9.80 | 114.82 | 124.62 | OK | |
r-devel-linux-x86_64-fedora-clang | 1.3.0 | 219.57 | NOTE | |||
r-devel-linux-x86_64-fedora-gcc | 1.3.0 | 212.72 | OK | |||
r-devel-windows-x86_64 | 1.3.0 | 13.00 | 135.00 | 148.00 | NOTE | |
r-patched-linux-x86_64 | 1.3.0 | 10.49 | 146.52 | 157.01 | OK | |
r-release-linux-x86_64 | 1.3.0 | 9.93 | 145.06 | 154.99 | OK | |
r-release-macos-arm64 | 1.3.0 | 67.00 | NOTE | |||
r-release-macos-x86_64 | 1.3.0 | 121.00 | NOTE | |||
r-release-windows-x86_64 | 1.3.0 | 16.00 | 165.00 | 181.00 | NOTE | |
r-oldrel-macos-arm64 | 1.3.0 | 66.00 | NOTE | |||
r-oldrel-macos-x86_64 | 1.3.0 | 86.00 | NOTE | |||
r-oldrel-windows-x86_64 | 1.3.0 | 16.00 | 170.00 | 186.00 | NOTE |
Version: 1.3.0
Check: installed package size
Result: NOTE
installed size is 8.8Mb
sub-directories of 1Mb or more:
doc 8.2Mb
Flavors: r-devel-linux-x86_64-fedora-clang, r-devel-windows-x86_64, r-release-macos-arm64, r-release-macos-x86_64, r-release-windows-x86_64, r-oldrel-macos-arm64, r-oldrel-macos-x86_64, r-oldrel-windows-x86_64