CRAN Package Check Results for Package SplitSoftening

Last updated on 2024-03-04 04:51:44 CET.

Flavor Version Tinstall Tcheck Ttotal Status Flags
r-devel-linux-x86_64-debian-clang 2.1-0 3.73 25.99 29.72 NOTE
r-devel-linux-x86_64-debian-gcc 2.1-0 3.12 19.98 23.10 NOTE
r-devel-linux-x86_64-fedora-clang 2.1-0 37.29 NOTE
r-devel-linux-x86_64-fedora-gcc 2.1-0 37.90 NOTE
r-devel-windows-x86_64 2.1-0 7.00 42.00 49.00 OK
r-patched-linux-x86_64 2.1-0 3.33 25.24 28.57 OK
r-release-linux-x86_64 2.1-0 3.14 25.55 28.69 OK
r-release-macos-arm64 2.1-0 19.00 OK
r-release-macos-x86_64 2.1-0 25.00 OK
r-release-windows-x86_64 2.1-0 7.00 42.00 49.00 OK
r-oldrel-macos-arm64 2.1-0 19.00 OK
r-oldrel-windows-x86_64 2.1-0 25.00 54.00 79.00 OK

Check Details

Version: 2.1-0
Check: Rd files
Result: NOTE checkRd: (-1) softening.optimized.Rd:42-43: Lost braces in \itemize; meant \describe ? checkRd: (-1) softening.optimized.Rd:44: Lost braces in \itemize; meant \describe ? Flavors: r-devel-linux-x86_64-debian-clang, r-devel-linux-x86_64-debian-gcc, r-devel-linux-x86_64-fedora-clang, r-devel-linux-x86_64-fedora-gcc