Last updated on 2023-11-28 04:57:34 CET.
Flavor | Version | Tinstall | Tcheck | Ttotal | Status | Flags |
---|---|---|---|---|---|---|
r-devel-linux-x86_64-debian-clang | 0.3-0 | 56.14 | 91.12 | 147.26 | NOTE | |
r-devel-linux-x86_64-debian-gcc | 0.3-0 | 37.23 | 66.46 | 103.69 | NOTE | |
r-devel-linux-x86_64-fedora-clang | 0.3-0 | 203.25 | OK | |||
r-devel-linux-x86_64-fedora-gcc | 0.3-0 | 198.29 | OK | |||
r-devel-windows-x86_64 | 0.3-0 | 44.00 | 97.00 | 141.00 | OK | |
r-patched-linux-x86_64 | 0.3-0 | 51.59 | 86.00 | 137.59 | OK | |
r-release-linux-x86_64 | 0.3-0 | 47.74 | 86.07 | 133.81 | OK | |
r-release-macos-arm64 | 0.3-0 | 48.00 | NOTE | |||
r-release-macos-x86_64 | 0.3-0 | 79.00 | NOTE | |||
r-release-windows-x86_64 | 0.3-0 | 58.00 | 121.00 | 179.00 | OK | |
r-oldrel-macos-arm64 | 0.3-0 | 50.00 | NOTE | |||
r-oldrel-macos-x86_64 | 0.3-0 | 74.00 | NOTE | |||
r-oldrel-windows-x86_64 | 0.3-0 | 55.00 | 118.00 | 173.00 | OK |
Version: 0.3-0
Check: Rd files
Result: NOTE
checkRd: (-1) SpaceTimeBSS-package.Rd:23: Lost braces in \itemize; meant \describe ?
Flavors: r-devel-linux-x86_64-debian-clang, r-devel-linux-x86_64-debian-gcc
Version: 0.3-0
Check: installed package size
Result: NOTE
installed size is 5.1Mb
sub-directories of 1Mb or more:
data 2.4Mb
libs 2.6Mb
Flavors: r-release-macos-arm64, r-release-macos-x86_64, r-oldrel-macos-arm64, r-oldrel-macos-x86_64