Last updated on 2023-12-10 04:56:13 CET.
Flavor | Version | Tinstall | Tcheck | Ttotal | Status | Flags |
---|---|---|---|---|---|---|
r-devel-linux-x86_64-debian-clang | 1.7.0 | 14.45 | 162.29 | 176.74 | NOTE | |
r-devel-linux-x86_64-debian-gcc | 1.7.0 | 12.94 | 120.41 | 133.35 | NOTE | |
r-devel-linux-x86_64-fedora-clang | 1.7.0 | 218.61 | OK | |||
r-devel-linux-x86_64-fedora-gcc | 1.7.0 | 225.49 | OK | |||
r-devel-windows-x86_64 | 1.7.0 | 14.00 | 138.00 | 152.00 | OK | |
r-patched-linux-x86_64 | 1.7.0 | 9.97 | 154.11 | 164.08 | OK | |
r-release-linux-x86_64 | 1.7.0 | 10.06 | 150.02 | 160.08 | OK | |
r-release-macos-arm64 | 1.7.0 | 78.00 | OK | |||
r-release-macos-x86_64 | 1.7.0 | 113.00 | OK | |||
r-release-windows-x86_64 | 1.7.0 | 17.00 | 170.00 | 187.00 | OK | |
r-oldrel-macos-arm64 | 1.7.0 | 70.00 | OK | |||
r-oldrel-macos-x86_64 | 1.7.0 | 106.00 | OK | |||
r-oldrel-windows-x86_64 | 1.7.0 | 19.00 | 167.00 | 186.00 | OK |
Version: 1.7.0
Check: Rd files
Result: NOTE
checkRd: (-1) spe.Rd:101: Lost braces
101 | code{spe} command; (4) \code{alpha} stores significance level as in
| ^
Flavors: r-devel-linux-x86_64-debian-clang, r-devel-linux-x86_64-debian-gcc