Last updated on 2023-11-28 04:57:34 CET.
Flavor | Version | Tinstall | Tcheck | Ttotal | Status | Flags |
---|---|---|---|---|---|---|
r-devel-linux-x86_64-debian-clang | 0.11.1 | 7.54 | 95.80 | 103.34 | NOTE | |
r-devel-linux-x86_64-debian-gcc | 0.11.1 | 6.63 | 72.02 | 78.65 | NOTE | |
r-devel-linux-x86_64-fedora-clang | 0.11.1 | 130.67 | OK | |||
r-devel-linux-x86_64-fedora-gcc | 0.11.1 | 137.61 | OK | |||
r-devel-windows-x86_64 | 0.11.1 | 9.00 | 117.00 | 126.00 | OK | |
r-patched-linux-x86_64 | 0.11.1 | 7.75 | 91.78 | 99.53 | OK | |
r-release-linux-x86_64 | 0.11.1 | 5.36 | 91.12 | 96.48 | OK | |
r-release-macos-arm64 | 0.11.1 | 51.00 | OK | |||
r-release-macos-x86_64 | 0.11.1 | 90.00 | OK | |||
r-release-windows-x86_64 | 0.11.1 | 12.00 | 130.00 | 142.00 | OK | |
r-oldrel-macos-arm64 | 0.11.1 | 49.00 | OK | |||
r-oldrel-macos-x86_64 | 0.11.1 | 62.00 | OK | |||
r-oldrel-windows-x86_64 | 0.11.1 | 11.00 | 126.00 | 137.00 | OK |
Version: 0.11.1
Check: Rd files
Result: NOTE
checkRd: (-1) ss.cc.Rd:44: Lost braces in \itemize; meant \describe ?
checkRd: (-1) ss.ci.Rd:26: Lost braces
26 | \item{alpha}{The eqn{\\alpha} error used to compute the \eqn{100*(1-\\alpha)\%} confidence interval}
| ^
checkRd: (-1) ss.rr.Rd:84: Lost braces; missing escapes or markup?
84 | $MS_{factor}/MS_{interaction}$, e.g. in appendix A of AIAG MSA manual,
| ^
checkRd: (-1) ss.rr.Rd:84: Lost braces; missing escapes or markup?
84 | $MS_{factor}/MS_{interaction}$, e.g. in appendix A of AIAG MSA manual,
| ^
checkRd: (-1) ss.rr.Rd:87: Lost braces; missing escapes or markup?
87 | F test is performed as $MS_{factor}/MS_{equipment}$, i.e., repeatability.
| ^
checkRd: (-1) ss.rr.Rd:87: Lost braces; missing escapes or markup?
87 | F test is performed as $MS_{factor}/MS_{equipment}$, i.e., repeatability.
| ^
Flavors: r-devel-linux-x86_64-debian-clang, r-devel-linux-x86_64-debian-gcc