Last updated on 2023-12-01 04:54:10 CET.
Flavor | Version | Tinstall | Tcheck | Ttotal | Status | Flags |
---|---|---|---|---|---|---|
r-devel-linux-x86_64-debian-clang | 0.1.6 | 13.00 | 107.90 | 120.90 | NOTE | |
r-devel-linux-x86_64-debian-gcc | 0.1.6 | 10.50 | 79.64 | 90.14 | NOTE | |
r-devel-linux-x86_64-fedora-clang | 0.1.6 | 148.19 | OK | |||
r-devel-linux-x86_64-fedora-gcc | 0.1.6 | 153.15 | OK | |||
r-devel-windows-x86_64 | 0.1.6 | 11.00 | 97.00 | 108.00 | NOTE | |
r-patched-linux-x86_64 | 0.1.6 | 9.90 | 100.78 | 110.68 | NOTE | |
r-release-linux-x86_64 | 0.1.6 | 8.00 | 102.44 | 110.44 | NOTE | |
r-release-macos-arm64 | 0.1.6 | 49.00 | NOTE | |||
r-release-macos-x86_64 | 0.1.6 | 110.00 | NOTE | |||
r-release-windows-x86_64 | 0.1.6 | 17.00 | 116.00 | 133.00 | NOTE | |
r-oldrel-macos-arm64 | 0.1.6 | 57.00 | NOTE | |||
r-oldrel-macos-x86_64 | 0.1.6 | 66.00 | WARN | |||
r-oldrel-windows-x86_64 | 0.1.6 | 16.00 | 117.00 | 133.00 | NOTE |
Version: 0.1.6
Check: package dependencies
Result: NOTE
Package suggested but not available for checking: ‘INLA’
Flavors: r-devel-linux-x86_64-debian-clang, r-devel-linux-x86_64-debian-gcc, r-devel-windows-x86_64, r-patched-linux-x86_64, r-release-linux-x86_64, r-release-macos-arm64, r-release-macos-x86_64, r-release-windows-x86_64, r-oldrel-macos-arm64, r-oldrel-macos-x86_64, r-oldrel-windows-x86_64
Version: 0.1.6
Check: dependencies in R code
Result: WARN
Missing or unexported object: ‘stars::st_res’
Flavor: r-oldrel-macos-x86_64