CRAN Package Check Results for Package SimInf

Last updated on 2023-11-28 04:57:33 CET.

Flavor Version Tinstall Tcheck Ttotal Status Flags
r-devel-linux-x86_64-debian-clang 9.5.0 29.38 284.18 313.56 NOTE
r-devel-linux-x86_64-debian-gcc 9.5.0 23.95 259.46 283.41 WARN
r-devel-linux-x86_64-fedora-clang 9.5.0 380.10 WARN
r-devel-linux-x86_64-fedora-gcc 9.5.0 408.22 WARN
r-devel-windows-x86_64 9.5.0 31.00 291.00 322.00 WARN
r-patched-linux-x86_64 9.5.0 30.36 281.70 312.06 OK
r-release-linux-x86_64 9.5.0 25.94 277.53 303.47 OK
r-release-macos-arm64 9.5.0 141.00 NOTE
r-release-macos-x86_64 9.5.0 241.00 NOTE
r-release-windows-x86_64 9.5.0 40.00 329.00 369.00 OK
r-oldrel-macos-arm64 9.5.0 120.00 NOTE
r-oldrel-macos-x86_64 9.5.0 177.00 NOTE
r-oldrel-windows-x86_64 9.5.0 41.00 330.00 371.00 OK

Check Details

Version: 9.5.0
Check: Rd files
Result: NOTE checkRd: (-1) abc.Rd:102: Lost braces 102 | argument of type code{SimInf_abc} with the current state of | ^ checkRd: (-1) continue.Rd:38: Lost braces 38 | argument of type code{SimInf_abc} with the current state of | ^ checkRd: (-1) events_SISe3.Rd:25: Lost braces 25 | 182685), sQuote{Internal transfer} events move individuals between | ^ Flavors: r-devel-linux-x86_64-debian-clang, r-devel-linux-x86_64-debian-gcc

Version: 9.5.0
Check: whether package can be installed
Result: WARN Found the following significant warnings: misc/SimInf_clean_raw_events.c:192:66: warning: format ‘%i’ expects argument of type ‘int’, but argument 2 has type ‘R_xlen_t’ {aka ‘long int’} [-Wformat=] misc/SimInf_clean_raw_events.c:194:65: warning: format ‘%i’ expects argument of type ‘int’, but argument 2 has type ‘R_xlen_t’ {aka ‘long int’} [-Wformat=] misc/SimInf_clean_raw_events.c:196:65: warning: format ‘%i’ expects argument of type ‘int’, but argument 2 has type ‘R_xlen_t’ {aka ‘long int’} [-Wformat=] misc/SimInf_clean_raw_events.c:198:65: warning: format ‘%i’ expects argument of type ‘int’, but argument 2 has type ‘R_xlen_t’ {aka ‘long int’} [-Wformat=] misc/SimInf_clean_raw_events.c:207:31: warning: format ‘%i’ expects argument of type ‘int’, but argument 2 has type ‘R_xlen_t’ {aka ‘long int’} [-Wformat=] misc/SimInf_distance_matrix.c:47:55: warning: format ‘%i’ expects argument of type ‘int’, but argument 2 has type ‘R_xlen_t’ {aka ‘long int’} [-Wformat=] misc/SimInf_distance_matrix.c:47:64: warning: format ‘%i’ expects argument of type ‘int’, but argument 3 has type ‘R_xlen_t’ {aka ‘long int’} [-Wformat=] misc/SimInf_distance_matrix.c:99:61: warning: format ‘%i’ expects argument of type ‘int’, but argument 2 has type ‘R_xlen_t’ {aka ‘long int’} [-Wformat=] See ‘/home/hornik/tmp/R.check/r-devel-gcc/Work/PKGS/SimInf.Rcheck/00install.out’ for details. * used C compiler: ‘gcc-13 (Debian 13.2.0-5) 13.2.0’ Flavor: r-devel-linux-x86_64-debian-gcc

Version: 9.5.0
Check: whether package can be installed
Result: WARN Found the following significant warnings: misc/SimInf_clean_raw_events.c:192:71: warning: format specifies type 'int' but the argument has type 'R_xlen_t' (aka 'long') [-Wformat] misc/SimInf_clean_raw_events.c:194:70: warning: format specifies type 'int' but the argument has type 'R_xlen_t' (aka 'long') [-Wformat] misc/SimInf_clean_raw_events.c:196:70: warning: format specifies type 'int' but the argument has type 'R_xlen_t' (aka 'long') [-Wformat] misc/SimInf_clean_raw_events.c:198:70: warning: format specifies type 'int' but the argument has type 'R_xlen_t' (aka 'long') [-Wformat] misc/SimInf_clean_raw_events.c:207:49: warning: format specifies type 'int' but the argument has type 'R_xlen_t' (aka 'long') [-Wformat] misc/SimInf_distance_matrix.c:47:69: warning: format specifies type 'int' but the argument has type 'R_xlen_t' (aka 'long') [-Wformat] misc/SimInf_distance_matrix.c:47:72: warning: format specifies type 'int' but the argument has type 'R_xlen_t' (aka 'long') [-Wformat] misc/SimInf_distance_matrix.c:99:66: warning: format specifies type 'int' but the argument has type 'R_xlen_t' (aka 'long') [-Wformat] See ‘/data/gannet/ripley/R/packages/tests-clang/SimInf.Rcheck/00install.out’ for details. * used C compiler: ‘clang version 17.0.5’ Flavor: r-devel-linux-x86_64-fedora-clang

Version: 9.5.0
Check: whether package can be installed
Result: WARN Found the following significant warnings: misc/SimInf_clean_raw_events.c:192:66: warning: format '%i' expects argument of type 'int', but argument 2 has type 'R_xlen_t' {aka 'long int'} [-Wformat=] misc/SimInf_clean_raw_events.c:194:65: warning: format '%i' expects argument of type 'int', but argument 2 has type 'R_xlen_t' {aka 'long int'} [-Wformat=] misc/SimInf_clean_raw_events.c:196:65: warning: format '%i' expects argument of type 'int', but argument 2 has type 'R_xlen_t' {aka 'long int'} [-Wformat=] misc/SimInf_clean_raw_events.c:198:65: warning: format '%i' expects argument of type 'int', but argument 2 has type 'R_xlen_t' {aka 'long int'} [-Wformat=] misc/SimInf_clean_raw_events.c:207:31: warning: format '%i' expects argument of type 'int', but argument 2 has type 'R_xlen_t' {aka 'long int'} [-Wformat=] misc/SimInf_distance_matrix.c:47:55: warning: format '%i' expects argument of type 'int', but argument 2 has type 'R_xlen_t' {aka 'long int'} [-Wformat=] misc/SimInf_distance_matrix.c:47:64: warning: format '%i' expects argument of type 'int', but argument 3 has type 'R_xlen_t' {aka 'long int'} [-Wformat=] misc/SimInf_distance_matrix.c:99:61: warning: format '%i' expects argument of type 'int', but argument 2 has type 'R_xlen_t' {aka 'long int'} [-Wformat=] See ‘/data/gannet/ripley/R/packages/tests-devel/SimInf.Rcheck/00install.out’ for details. * used C compiler: ‘gcc-13 (GCC) 13.2.0’ Flavor: r-devel-linux-x86_64-fedora-gcc

Version: 9.5.0
Check: whether package can be installed
Result: WARN Found the following significant warnings: misc/SimInf_clean_raw_events.c:192:66: warning: format '%i' expects argument of type 'int', but argument 2 has type 'R_xlen_t' {aka 'long long int'} [-Wformat=] misc/SimInf_clean_raw_events.c:194:65: warning: format '%i' expects argument of type 'int', but argument 2 has type 'R_xlen_t' {aka 'long long int'} [-Wformat=] misc/SimInf_clean_raw_events.c:196:65: warning: format '%i' expects argument of type 'int', but argument 2 has type 'R_xlen_t' {aka 'long long int'} [-Wformat=] misc/SimInf_clean_raw_events.c:198:65: warning: format '%i' expects argument of type 'int', but argument 2 has type 'R_xlen_t' {aka 'long long int'} [-Wformat=] misc/SimInf_clean_raw_events.c:207:31: warning: format '%i' expects argument of type 'int', but argument 2 has type 'R_xlen_t' {aka 'long long int'} [-Wformat=] misc/SimInf_distance_matrix.c:47:55: warning: format '%i' expects argument of type 'int', but argument 2 has type 'R_xlen_t' {aka 'long long int'} [-Wformat=] misc/SimInf_distance_matrix.c:47:64: warning: format '%i' expects argument of type 'int', but argument 3 has type 'R_xlen_t' {aka 'long long int'} [-Wformat=] misc/SimInf_distance_matrix.c:99:61: warning: format '%i' expects argument of type 'int', but argument 2 has type 'R_xlen_t' {aka 'long long int'} [-Wformat=] See 'd:/Rcompile/CRANpkg/local/4.4/SimInf.Rcheck/00install.out' for details. * used C compiler: 'gcc.exe (GCC) 12.3.0' Flavor: r-devel-windows-x86_64

Version: 9.5.0
Check: installed package size
Result: NOTE installed size is 6.5Mb sub-directories of 1Mb or more: data 2.1Mb libs 2.8Mb Flavors: r-release-macos-arm64, r-release-macos-x86_64, r-oldrel-macos-arm64, r-oldrel-macos-x86_64