Last updated on 2023-12-07 04:56:37 CET.
Flavor | Version | Tinstall | Tcheck | Ttotal | Status | Flags |
---|---|---|---|---|---|---|
r-devel-linux-x86_64-debian-clang | 4.8 | 23.05 | 307.93 | 330.98 | NOTE | |
r-devel-linux-x86_64-debian-gcc | 4.8 | 23.46 | 220.36 | 243.82 | NOTE | |
r-devel-linux-x86_64-fedora-clang | 4.8 | 428.10 | OK | |||
r-devel-linux-x86_64-fedora-gcc | 4.8 | 403.83 | OK | |||
r-devel-windows-x86_64 | 4.8 | 24.00 | 261.00 | 285.00 | OK | |
r-patched-linux-x86_64 | 4.8 | 26.96 | 289.17 | 316.13 | OK | |
r-release-linux-x86_64 | 4.8 | 22.06 | 287.25 | 309.31 | OK | |
r-release-macos-arm64 | 4.8 | 120.00 | OK | |||
r-release-macos-x86_64 | 4.8 | 215.00 | OK | |||
r-release-windows-x86_64 | 4.8 | 24.00 | 319.00 | 343.00 | OK | |
r-oldrel-macos-arm64 | 4.8 | 106.00 | OK | |||
r-oldrel-macos-x86_64 | 4.8 | 163.00 | OK | |||
r-oldrel-windows-x86_64 | 4.8 | 34.00 | 303.00 | 337.00 | OK |
Version: 4.8
Check: Rd files
Result: NOTE
checkRd: (-1) fptsde1d.Rd:69: Lost braces; missing escapes or markup?
69 | \code{dfptsde1d} {gives the density estimate of fpt.}
| ^
checkRd: (-1) fptsde1d.Rd:70: Lost braces; missing escapes or markup?
70 | \code{fptsde1d} {generates random of fpt.}
| ^
checkRd: (-1) fptsde2d.Rd:75: Lost braces; missing escapes or markup?
75 | \code{dfptsde2d} {gives the kernel density approximation for fpt.}
| ^
checkRd: (-1) fptsde2d.Rd:76: Lost braces; missing escapes or markup?
76 | \code{fptsde2d} {generates random of fpt.}
| ^
checkRd: (-1) fptsde3d.Rd:77: Lost braces; missing escapes or markup?
77 | \code{dfptsde3d} {gives the marginal kernel density approximation for fpt.}
| ^
checkRd: (-1) fptsde3d.Rd:78: Lost braces; missing escapes or markup?
78 | \code{fptsde3d} {generates random of fpt.}
| ^
checkRd: (-1) rsde1d.Rd:54: Lost braces
54 | \code{dsde1d} {gives the transition density estimate of \code{X(t-s) | X(s)=x0}.}
| ^
checkRd: (-1) rsde1d.Rd:55: Lost braces
55 | \code{rsde1d} {generates random of \code{X(t-s) | X(s)=x0}.}
| ^
checkRd: (-1) rsde2d.Rd:46: Lost braces
46 | \code{dsde2d} {gives the bivariate density approximation for \code{(X(t-s),Y(t-s) | X(s)=x0,Y(s)=y0)}.}
| ^
checkRd: (-1) rsde2d.Rd:47: Lost braces
47 | \code{rsde2d} {generates random of the couple \code{(X(t-s),Y(t-s) | X(s)=x0,Y(s)=y0)}.}
| ^
checkRd: (-1) rsde3d.Rd:46: Lost braces
46 | \code{dsde3d} {gives the trivariate density approximation \code{(X(t-s),Y(t-s),Z(t-s) | X(s)=x0,Y(s)=y0,Z(s)=z0)}.}
| ^
checkRd: (-1) rsde3d.Rd:47: Lost braces
47 | \code{rsde3d} {generates random of the \code{(X(t-s),Y(t-s),Z(t-s) | X(s)=x0,Y(s)=y0,Z(s)=z0)}.}
| ^
Flavors: r-devel-linux-x86_64-debian-clang, r-devel-linux-x86_64-debian-gcc