CRAN Package Check Results for Package SigOptR

Last updated on 2024-07-19 05:57:45 CEST.

Flavor Version Tinstall Tcheck Ttotal Status Flags
r-devel-linux-x86_64-debian-clang 0.0.1 2.20 21.90 24.10 NOTE
r-devel-linux-x86_64-debian-gcc 0.0.1 1.72 16.61 18.33 NOTE
r-devel-linux-x86_64-fedora-clang 0.0.1 30.18 NOTE
r-devel-linux-x86_64-fedora-gcc 0.0.1 28.82 NOTE
r-devel-windows-x86_64 0.0.1 4.00 40.00 44.00 NOTE
r-patched-linux-x86_64 0.0.1 2.03 20.23 22.26 NOTE
r-release-linux-x86_64 0.0.1 2.26 20.69 22.95 NOTE
r-release-macos-arm64 0.0.1 17.00 NOTE
r-release-macos-x86_64 0.0.1 20.00 NOTE
r-release-windows-x86_64 0.0.1 3.00 40.00 43.00 NOTE
r-oldrel-macos-arm64 0.0.1 15.00 NOTE
r-oldrel-macos-x86_64 0.0.1 21.00 NOTE
r-oldrel-windows-x86_64 0.0.1 4.00 40.00 44.00 NOTE

Check Details

Version: 0.0.1
Check: LazyData
Result: NOTE 'LazyData' is specified without a 'data' directory Flavors: r-devel-linux-x86_64-debian-clang, r-devel-linux-x86_64-debian-gcc, r-devel-linux-x86_64-fedora-clang, r-devel-linux-x86_64-fedora-gcc, r-devel-windows-x86_64, r-patched-linux-x86_64, r-release-linux-x86_64, r-release-macos-arm64, r-release-macos-x86_64, r-release-windows-x86_64, r-oldrel-macos-arm64, r-oldrel-macos-x86_64, r-oldrel-windows-x86_64