CRAN Package Check Results for Package ShrinkCovMat

Last updated on 2024-02-27 04:50:50 CET.

Flavor Version Tinstall Tcheck Ttotal Status Flags
r-devel-linux-x86_64-debian-clang 1.4.0 32.00 36.73 68.73 NOTE
r-devel-linux-x86_64-debian-gcc 1.4.0 26.31 27.27 53.58 NOTE
r-devel-linux-x86_64-fedora-clang 1.4.0 99.83 NOTE
r-devel-linux-x86_64-fedora-gcc 1.4.0 94.01 NOTE
r-devel-windows-x86_64 1.4.0 27.00 71.00 98.00 NOTE
r-patched-linux-x86_64 1.4.0 28.91 35.04 63.95 NOTE
r-release-linux-x86_64 1.4.0 35.24 34.88 70.12 NOTE
r-release-macos-arm64 1.4.0 28.00 NOTE
r-release-macos-x86_64 1.4.0 44.00 NOTE
r-release-windows-x86_64 1.4.0 34.00 76.00 110.00 NOTE
r-oldrel-macos-arm64 1.4.0 27.00 OK
r-oldrel-windows-x86_64 1.4.0 32.00 76.00 108.00 OK

Check Details

Version: 1.4.0
Check: C++ specification
Result: NOTE Specified C++11: please drop specification unless essential Flavors: r-devel-linux-x86_64-debian-clang, r-devel-linux-x86_64-debian-gcc, r-devel-linux-x86_64-fedora-clang, r-devel-linux-x86_64-fedora-gcc, r-devel-windows-x86_64, r-patched-linux-x86_64, r-release-linux-x86_64, r-release-macos-arm64, r-release-macos-x86_64, r-release-windows-x86_64