CRAN Package Check Results for Package SemNetDictionaries

Last updated on 2024-03-02 04:48:34 CET.

Flavor Version Tinstall Tcheck Ttotal Status Flags
r-devel-linux-x86_64-debian-clang 0.2.0 5.29 37.63 42.92 NOTE
r-devel-linux-x86_64-debian-gcc 0.2.0 4.85 29.80 34.65 NOTE
r-devel-linux-x86_64-fedora-clang 0.2.0 55.86 NOTE
r-devel-linux-x86_64-fedora-gcc 0.2.0 68.82 NOTE
r-devel-windows-x86_64 0.2.0 6.00 56.00 62.00 OK
r-patched-linux-x86_64 0.2.0 5.56 36.69 42.25 OK
r-release-linux-x86_64 0.2.0 5.63 36.88 42.51 OK
r-release-macos-arm64 0.2.0 33.00 OK
r-release-macos-x86_64 0.2.0 59.00 OK
r-release-windows-x86_64 0.2.0 8.00 62.00 70.00 OK
r-oldrel-macos-arm64 0.2.0 25.00 NOTE
r-oldrel-windows-x86_64 0.2.0 9.00 63.00 72.00 OK

Check Details

Version: 0.2.0
Check: Rd files
Result: NOTE checkRd: (-1) append.dictionary.Rd:33: Lost braces in \itemize; meant \describe ? checkRd: (-1) append.dictionary.Rd:36-37: Lost braces in \itemize; meant \describe ? checkRd: (-1) append.dictionary.Rd:40-41: Lost braces in \itemize; meant \describe ? checkRd: (-1) append.dictionary.Rd:44-47: Lost braces in \itemize; meant \describe ? checkRd: (-1) append.dictionary.Rd:89-92: Lost braces in \itemize; meant \describe ? checkRd: (-1) append.dictionary.Rd:95-98: Lost braces in \itemize; meant \describe ? checkRd: (-1) append.dictionary.Rd:107: Lost braces in \itemize; meant \describe ? checkRd: (-1) append.dictionary.Rd:110: Lost braces in \itemize; meant \describe ? checkRd: (-1) append.dictionary.Rd:113: Lost braces in \itemize; meant \describe ? Flavors: r-devel-linux-x86_64-debian-clang, r-devel-linux-x86_64-debian-gcc, r-devel-linux-x86_64-fedora-clang, r-devel-linux-x86_64-fedora-gcc

Version: 0.2.0
Check: dependencies in R code
Result: NOTE Namespace in Imports field not imported from: ‘knitr’ All declared Imports should be used. Flavors: r-devel-linux-x86_64-fedora-clang, r-devel-linux-x86_64-fedora-gcc, r-oldrel-macos-arm64

Version: 0.2.0
Check: Rd cross-references
Result: NOTE Undeclared package ‘SemNetCleaner’ in Rd xrefs Flavor: r-devel-linux-x86_64-fedora-clang