CRAN Package Check Results for Package Select

Last updated on 2023-12-04 05:09:21 CET.

Flavor Version Tinstall Tcheck Ttotal Status Flags
r-devel-linux-x86_64-debian-clang 1.4 2.64 35.08 37.72 OK
r-devel-linux-x86_64-debian-gcc 1.4 2.00 27.43 29.43 OK
r-devel-linux-x86_64-fedora-clang 1.4 48.37 NOTE
r-devel-linux-x86_64-fedora-gcc 1.4 58.71 NOTE
r-devel-windows-x86_64 1.4 3.00 50.00 53.00 OK
r-patched-linux-x86_64 1.4 2.75 34.05 36.80 OK
r-release-linux-x86_64 1.4 2.28 34.08 36.36 OK
r-release-macos-arm64 1.4 29.00 OK
r-release-macos-x86_64 1.4 34.00 OK
r-release-windows-x86_64 1.4 4.00 52.00 56.00 OK
r-oldrel-macos-arm64 1.4 21.00 NOTE
r-oldrel-macos-x86_64 1.4 26.00 NOTE
r-oldrel-windows-x86_64 1.4 4.00 55.00 59.00 OK

Check Details

Version: 1.4
Check: dependencies in R code
Result: NOTE Namespace in Imports field not imported from: ‘FD’ All declared Imports should be used. Flavors: r-devel-linux-x86_64-fedora-clang, r-devel-linux-x86_64-fedora-gcc, r-oldrel-macos-arm64, r-oldrel-macos-x86_64