Last updated on 2023-12-09 04:51:09 CET.
Flavor | Version | Tinstall | Tcheck | Ttotal | Status | Flags |
---|---|---|---|---|---|---|
r-devel-linux-x86_64-debian-clang | 0.5.8 | 40.82 | 442.76 | 483.58 | NOTE | |
r-devel-linux-x86_64-debian-gcc | 0.5.8 | 35.86 | 330.72 | 366.58 | NOTE | |
r-devel-linux-x86_64-fedora-clang | 0.5.8 | 630.13 | NOTE | |||
r-devel-linux-x86_64-fedora-gcc | 0.5.8 | 622.77 | NOTE | |||
r-devel-windows-x86_64 | 0.5.8 | 45.00 | 324.00 | 369.00 | NOTE | |
r-patched-linux-x86_64 | 0.5.8 | 44.14 | 438.28 | 482.42 | NOTE | |
r-release-linux-x86_64 | 0.5.8 | 32.29 | 428.63 | 460.92 | NOTE | |
r-release-macos-arm64 | 0.5.8 | 161.00 | NOTE | |||
r-release-macos-x86_64 | 0.5.8 | 259.00 | NOTE | |||
r-release-windows-x86_64 | 0.5.8 | 56.00 | 422.00 | 478.00 | NOTE | |
r-oldrel-macos-arm64 | 0.5.8 | 142.00 | NOTE | |||
r-oldrel-macos-x86_64 | 0.5.8 | 242.00 | NOTE | |||
r-oldrel-windows-x86_64 | 0.5.8 | 57.00 | 375.00 | 432.00 | NOTE |
Version: 0.5.8
Check: package dependencies
Result: NOTE
Package suggested but not available for checking: ‘STRaitRazoR’
Flavors: r-devel-linux-x86_64-debian-clang, r-devel-linux-x86_64-debian-gcc, r-devel-linux-x86_64-fedora-clang, r-devel-linux-x86_64-fedora-gcc, r-devel-windows-x86_64, r-patched-linux-x86_64, r-release-linux-x86_64, r-release-macos-arm64, r-release-macos-x86_64, r-release-windows-x86_64, r-oldrel-macos-arm64, r-oldrel-macos-x86_64, r-oldrel-windows-x86_64