Last updated on 2023-11-28 04:57:35 CET.
Flavor | Version | Tinstall | Tcheck | Ttotal | Status | Flags |
---|---|---|---|---|---|---|
r-devel-linux-x86_64-debian-clang | 1.2 | 12.26 | 163.40 | 175.66 | NOTE | |
r-devel-linux-x86_64-debian-gcc | 1.2 | 8.19 | 124.20 | 132.39 | NOTE | |
r-devel-linux-x86_64-fedora-clang | 1.2 | 212.15 | OK | |||
r-devel-linux-x86_64-fedora-gcc | 1.2 | 231.19 | OK | |||
r-devel-windows-x86_64 | 1.2 | 10.00 | 125.00 | 135.00 | OK | |
r-patched-linux-x86_64 | 1.2 | 11.77 | 155.15 | 166.92 | OK | |
r-release-linux-x86_64 | 1.2 | 10.04 | 157.89 | 167.93 | OK | |
r-release-macos-arm64 | 1.2 | 69.00 | OK | |||
r-release-macos-x86_64 | 1.2 | 113.00 | OK | |||
r-release-windows-x86_64 | 1.2 | 13.00 | 165.00 | 178.00 | OK | |
r-oldrel-macos-arm64 | 1.2 | 57.00 | OK | |||
r-oldrel-macos-x86_64 | 1.2 | 88.00 | OK | |||
r-oldrel-windows-x86_64 | 1.2 | 12.00 | 166.00 | 178.00 | OK |
Version: 1.2
Check: Rd files
Result: NOTE
checkRd: (-1) STEPCAM_ABC.Rd:19: Lost braces
19 | \code{rows}{ every row corresponds to a different plot or community} \cr
| ^
checkRd: (-1) STEPCAM_ABC.Rd:20: Lost braces
20 | \code{columns}{ every column corresponds to a different species.} \cr
| ^
checkRd: (-1) STEPCAM_ABC.Rd:25: Lost braces
25 | \code{rows}{ every row corresponds to a different species} \cr
| ^
checkRd: (-1) STEPCAM_ABC.Rd:26: Lost braces
26 | \code{columns}{ the first column contains the name of the species, every consecutive column corresponds to a different trait} \cr
| ^
checkRd: (-1) plotSTEPCAM.Rd:16: Lost braces
16 | - \code{DA}{ a vector containing the posterior distribution for the parameter dispersal assembly} \cr
| ^
checkRd: (-1) plotSTEPCAM.Rd:17: Lost braces
17 | - \code{HF}{ a vector containing the posterior distribution for the parameter habitat filtering} \cr
| ^
checkRd: (-1) plotSTEPCAM.Rd:18: Lost braces
18 | - \code{LS}{ a vector containing the posterior distribution for the parameter limiting similarity} \cr
| ^
Flavors: r-devel-linux-x86_64-debian-clang, r-devel-linux-x86_64-debian-gcc