CRAN Package Check Results for Package SSOSVM

Last updated on 2023-12-02 04:52:31 CET.

Flavor Version Tinstall Tcheck Ttotal Status Flags
r-devel-linux-x86_64-debian-clang 0.2.1 38.04 29.50 67.54 NOTE
r-devel-linux-x86_64-debian-gcc 0.2.1 26.94 22.92 49.86 NOTE
r-devel-linux-x86_64-fedora-clang 0.2.1 96.87 NOTE
r-devel-linux-x86_64-fedora-gcc 0.2.1 93.27 NOTE
r-devel-windows-x86_64 0.2.1 28.00 65.00 93.00 NOTE
r-patched-linux-x86_64 0.2.1 31.32 29.01 60.33 NOTE
r-release-linux-x86_64 0.2.1 33.99 28.83 62.82 NOTE
r-release-macos-arm64 0.2.1 28.00 NOTE
r-release-macos-x86_64 0.2.1 45.00 NOTE
r-release-windows-x86_64 0.2.1 39.00 67.00 106.00 NOTE
r-oldrel-macos-arm64 0.2.1 34.00 OK
r-oldrel-macos-x86_64 0.2.1 36.00 NOTE
r-oldrel-windows-x86_64 0.2.1 38.00 71.00 109.00 OK

Check Details

Version: 0.2.1
Check: C++ specification
Result: NOTE Specified C++11: please drop specification unless essential Flavors: r-devel-linux-x86_64-debian-clang, r-devel-linux-x86_64-debian-gcc, r-devel-linux-x86_64-fedora-clang, r-devel-linux-x86_64-fedora-gcc, r-devel-windows-x86_64, r-patched-linux-x86_64, r-release-linux-x86_64, r-release-macos-arm64, r-release-macos-x86_64, r-release-windows-x86_64

Version: 0.2.1
Check: package subdirectories
Result: NOTE Problems with news in ‘NEWS.md’: No news entries found. Flavors: r-devel-linux-x86_64-debian-clang, r-devel-linux-x86_64-debian-gcc, r-devel-linux-x86_64-fedora-clang, r-devel-linux-x86_64-fedora-gcc, r-devel-windows-x86_64, r-patched-linux-x86_64, r-release-linux-x86_64, r-release-macos-arm64, r-release-macos-x86_64, r-release-windows-x86_64

Version: 0.2.1
Check: dependencies in R code
Result: NOTE Namespace in Imports field not imported from: ‘MASS’ All declared Imports should be used. Flavors: r-devel-linux-x86_64-fedora-clang, r-devel-linux-x86_64-fedora-gcc, r-oldrel-macos-x86_64