Last updated on 2023-11-30 04:53:08 CET.
Flavor | Version | Tinstall | Tcheck | Ttotal | Status | Flags |
---|---|---|---|---|---|---|
r-devel-linux-x86_64-debian-clang | 2023.3.31 | 98.79 | 124.64 | 223.43 | NOTE | |
r-devel-linux-x86_64-debian-gcc | 2023.3.31 | 80.23 | 93.43 | 173.66 | NOTE | |
r-devel-linux-x86_64-fedora-clang | 2023.3.31 | 273.63 | NOTE | |||
r-devel-linux-x86_64-fedora-gcc | 2023.3.31 | 334.48 | NOTE | |||
r-devel-windows-x86_64 | 2023.3.31 | 64.00 | 130.00 | 194.00 | NOTE | |
r-patched-linux-x86_64 | 2023.3.31 | 93.74 | 121.03 | 214.77 | OK | |
r-release-linux-x86_64 | 2023.3.31 | 87.49 | 123.19 | 210.68 | OK | |
r-release-macos-arm64 | 2023.3.31 | 95.00 | NOTE | |||
r-release-macos-x86_64 | 2023.3.31 | 204.00 | NOTE | |||
r-release-windows-x86_64 | 2023.3.31 | 84.00 | 152.00 | 236.00 | NOTE | |
r-oldrel-macos-arm64 | 2023.3.31 | 77.00 | NOTE | |||
r-oldrel-macos-x86_64 | 2023.3.31 | 97.00 | NOTE | |||
r-oldrel-windows-x86_64 | 2023.3.31 | 76.00 | 148.00 | 224.00 | NOTE |
Version: 2023.3.31
Check: Rd \usage sections
Result: NOTE
Documented arguments not in \usage in Rd file 'logit.Rd':
‘theta’
Functions with \usage entries need to have the appropriate \alias
entries, and all their arguments documented.
The \usage entries must correspond to syntactically valid R code.
See chapter ‘Writing R documentation files’ in the ‘Writing R
Extensions’ manual.
Flavors: r-devel-linux-x86_64-debian-clang, r-devel-linux-x86_64-debian-gcc, r-devel-linux-x86_64-fedora-clang, r-devel-linux-x86_64-fedora-gcc, r-devel-windows-x86_64
Version: 2023.3.31
Check: installed package size
Result: NOTE
installed size is 13.4Mb
sub-directories of 1Mb or more:
libs 12.7Mb
Flavors: r-devel-windows-x86_64, r-release-macos-arm64, r-release-macos-x86_64, r-release-windows-x86_64, r-oldrel-macos-arm64, r-oldrel-macos-x86_64, r-oldrel-windows-x86_64