Last updated on 2023-12-09 04:51:08 CET.
Flavor | Version | Tinstall | Tcheck | Ttotal | Status | Flags |
---|---|---|---|---|---|---|
r-devel-linux-x86_64-debian-clang | 0.2.0 | 6.64 | 67.83 | 74.47 | NOTE | |
r-devel-linux-x86_64-debian-gcc | 0.2.0 | 5.60 | 50.13 | 55.73 | NOTE | |
r-devel-linux-x86_64-fedora-clang | 0.2.0 | 88.99 | NOTE | |||
r-devel-linux-x86_64-fedora-gcc | 0.2.0 | 90.37 | NOTE | |||
r-devel-windows-x86_64 | 0.2.0 | 8.00 | 69.00 | 77.00 | NOTE | |
r-patched-linux-x86_64 | 0.2.0 | 5.30 | 64.81 | 70.11 | NOTE | |
r-release-linux-x86_64 | 0.2.0 | 4.43 | 64.08 | 68.51 | NOTE | |
r-release-macos-arm64 | 0.2.0 | 29.00 | NOTE | |||
r-release-macos-x86_64 | 0.2.0 | 47.00 | NOTE | |||
r-release-windows-x86_64 | 0.2.0 | 11.00 | 79.00 | 90.00 | NOTE | |
r-oldrel-macos-arm64 | 0.2.0 | 26.00 | NOTE | |||
r-oldrel-macos-x86_64 | 0.2.0 | 39.00 | NOTE | |||
r-oldrel-windows-x86_64 | 0.2.0 | 10.00 | 81.00 | 91.00 | NOTE |
Version: 0.2.0
Check: LazyData
Result: NOTE
'LazyData' is specified without a 'data' directory
Flavors: r-devel-linux-x86_64-debian-clang, r-devel-linux-x86_64-debian-gcc, r-devel-linux-x86_64-fedora-clang, r-devel-linux-x86_64-fedora-gcc, r-devel-windows-x86_64, r-patched-linux-x86_64, r-release-linux-x86_64, r-release-macos-arm64, r-release-macos-x86_64, r-release-windows-x86_64, r-oldrel-macos-arm64, r-oldrel-macos-x86_64, r-oldrel-windows-x86_64