CRAN Package Check Results for Package SOMEnv

Last updated on 2024-03-03 04:48:49 CET.

Flavor Version Tinstall Tcheck Ttotal Status Flags
r-devel-linux-x86_64-debian-clang 1.1.2 16.08 122.46 138.54 OK
r-devel-linux-x86_64-debian-gcc 1.1.2 11.92 92.64 104.56 OK
r-devel-linux-x86_64-fedora-clang 1.1.2 179.20 NOTE
r-devel-linux-x86_64-fedora-gcc 1.1.2 159.91 NOTE
r-devel-windows-x86_64 1.1.2 13.00 105.00 118.00 OK
r-patched-linux-x86_64 1.1.2 9.77 120.82 130.59 OK
r-release-linux-x86_64 1.1.2 11.95 121.29 133.24 OK
r-release-macos-arm64 1.1.2 51.00 OK
r-release-macos-x86_64 1.1.2 84.00 OK
r-release-windows-x86_64 1.1.2 21.00 131.00 152.00 OK
r-oldrel-macos-arm64 1.1.2 45.00 NOTE
r-oldrel-windows-x86_64 1.1.2 19.00 123.00 142.00 OK

Check Details

Version: 1.1.2
Check: dependencies in R code
Result: NOTE Namespace in Imports field not imported from: ‘rlist’ All declared Imports should be used. Flavors: r-devel-linux-x86_64-fedora-clang, r-devel-linux-x86_64-fedora-gcc, r-oldrel-macos-arm64