Last updated on 2023-12-04 05:09:22 CET.
Flavor | Version | Tinstall | Tcheck | Ttotal | Status | Flags |
---|---|---|---|---|---|---|
r-devel-linux-x86_64-debian-clang | 0.0.9 | 20.23 | 41.28 | 61.51 | NOTE | |
r-devel-linux-x86_64-debian-gcc | 0.0.9 | 15.35 | 32.56 | 47.91 | NOTE | |
r-devel-linux-x86_64-fedora-clang | 0.0.9 | 90.14 | NOTE | |||
r-devel-linux-x86_64-fedora-gcc | 0.0.9 | 83.17 | NOTE | |||
r-devel-windows-x86_64 | 0.0.9 | 19.00 | 77.00 | 96.00 | NOTE | |
r-patched-linux-x86_64 | 0.0.9 | 13.96 | 41.48 | 55.44 | NOTE | |
r-release-linux-x86_64 | 0.0.9 | 11.88 | 41.18 | 53.06 | NOTE | |
r-release-macos-arm64 | 0.0.9 | 31.00 | NOTE | |||
r-release-macos-x86_64 | 0.0.9 | 47.00 | NOTE | |||
r-release-windows-x86_64 | 0.0.9 | 24.00 | 87.00 | 111.00 | NOTE | |
r-oldrel-macos-arm64 | 0.0.9 | 28.00 | NOTE | |||
r-oldrel-macos-x86_64 | 0.0.9 | 38.00 | OK | |||
r-oldrel-windows-x86_64 | 0.0.9 | 23.00 | 83.00 | 106.00 | OK |
Version: 0.0.9
Check: C++ specification
Result: NOTE
Specified C++11: please drop specification unless essential
Flavors: r-devel-linux-x86_64-debian-clang, r-devel-linux-x86_64-debian-gcc, r-devel-linux-x86_64-fedora-clang, r-devel-linux-x86_64-fedora-gcc, r-devel-windows-x86_64, r-patched-linux-x86_64, r-release-linux-x86_64, r-release-macos-arm64, r-release-macos-x86_64, r-release-windows-x86_64
Version: 0.0.9
Check: package dependencies
Result: NOTE
Package suggested but not available for checking: ‘SMITIDstruct’
Flavor: r-oldrel-macos-arm64