CRAN Package Check Results for Package SLTCA

Last updated on 2024-02-23 05:07:32 CET.

Flavor Version Tinstall Tcheck Ttotal Status Flags
r-devel-linux-x86_64-debian-clang 0.1.0 NOTE
r-devel-linux-x86_64-debian-gcc 0.1.0 3.47 32.64 36.11 NOTE
r-devel-linux-x86_64-fedora-clang 0.1.0 61.21 NOTE
r-devel-linux-x86_64-fedora-gcc 0.1.0 56.65 NOTE
r-devel-windows-x86_64 0.1.0 5.00 51.00 56.00 NOTE
r-patched-linux-x86_64 0.1.0 2.86 43.58 46.44 NOTE
r-release-linux-x86_64 0.1.0 2.77 42.65 45.42 NOTE
r-release-macos-arm64 0.1.0 24.00 NOTE
r-release-macos-x86_64 0.1.0 34.00 NOTE
r-release-windows-x86_64 0.1.0 5.00 57.00 62.00 NOTE
r-oldrel-macos-arm64 0.1.0 21.00 NOTE
r-oldrel-windows-x86_64 0.1.0 9.00 60.00 69.00 NOTE

Check Details

Version: 0.1.0
Check: LazyData
Result: NOTE 'LazyData' is specified without a 'data' directory Flavors: r-devel-linux-x86_64-debian-clang, r-devel-linux-x86_64-debian-gcc, r-devel-linux-x86_64-fedora-clang, r-devel-linux-x86_64-fedora-gcc, r-devel-windows-x86_64, r-patched-linux-x86_64, r-release-linux-x86_64, r-release-macos-arm64, r-release-macos-x86_64, r-release-windows-x86_64, r-oldrel-macos-arm64, r-oldrel-windows-x86_64