CRAN Package Check Results for Package SIT

Last updated on 2024-02-21 04:55:52 CET.

Flavor Version Tinstall Tcheck Ttotal Status Flags
r-devel-linux-x86_64-debian-clang 0.1.0 NOTE
r-devel-linux-x86_64-debian-gcc 0.1.0 21.77 24.07 45.84 NOTE
r-devel-linux-x86_64-fedora-clang 0.1.0 88.24 NOTE
r-devel-linux-x86_64-fedora-gcc 0.1.0 82.62 NOTE
r-devel-windows-x86_64 0.1.0 25.00 62.00 87.00 NOTE
r-patched-linux-x86_64 0.1.0 33.15 31.22 64.37 NOTE
r-release-linux-x86_64 0.1.0 28.53 29.98 58.51 NOTE
r-release-macos-arm64 0.1.0 26.00 NOTE
r-release-macos-x86_64 0.1.0 43.00 NOTE
r-release-windows-x86_64 0.1.0 31.00 67.00 98.00 NOTE
r-oldrel-macos-arm64 0.1.0 28.00 OK
r-oldrel-windows-x86_64 0.1.0 31.00 73.00 104.00 OK

Check Details

Version: 0.1.0
Check: C++ specification
Result: NOTE Specified C++11: please drop specification unless essential Flavors: r-devel-linux-x86_64-debian-clang, r-devel-linux-x86_64-debian-gcc, r-devel-linux-x86_64-fedora-clang, r-devel-linux-x86_64-fedora-gcc, r-devel-windows-x86_64, r-patched-linux-x86_64, r-release-linux-x86_64, r-release-macos-arm64, r-release-macos-x86_64, r-release-windows-x86_64