Last updated on 2023-12-10 04:56:13 CET.
Flavor | Version | Tinstall | Tcheck | Ttotal | Status | Flags |
---|---|---|---|---|---|---|
r-devel-linux-x86_64-debian-clang | 0.1.0 | 51.71 | 449.47 | 501.18 | NOTE | |
r-devel-linux-x86_64-debian-gcc | 0.1.0 | 40.54 | 335.96 | 376.50 | NOTE | |
r-devel-linux-x86_64-fedora-clang | 0.1.0 | 645.54 | NOTE | |||
r-devel-linux-x86_64-fedora-gcc | 0.1.0 | 610.22 | NOTE | |||
r-devel-windows-x86_64 | 0.1.0 | 46.00 | 297.00 | 343.00 | NOTE | |
r-patched-linux-x86_64 | 0.1.0 | 35.74 | 436.05 | 471.79 | NOTE | |
r-release-linux-x86_64 | 0.1.0 | 36.68 | 434.20 | 470.88 | NOTE | |
r-release-macos-arm64 | 0.1.0 | 10.00 | ERROR | |||
r-release-macos-x86_64 | 0.1.0 | 10.00 | ERROR | |||
r-release-windows-x86_64 | 0.1.0 | 40.00 | 5.00 | 45.00 | ERROR | |
r-oldrel-macos-arm64 | 0.1.0 | 129.00 | NOTE | |||
r-oldrel-macos-x86_64 | 0.1.0 | 185.00 | NOTE | |||
r-oldrel-windows-x86_64 | 0.1.0 | 55.00 | 353.00 | 408.00 | NOTE |
Version: 0.1.0
Check: LazyData
Result: NOTE
'LazyData' is specified without a 'data' directory
Flavors: r-devel-linux-x86_64-debian-clang, r-devel-linux-x86_64-debian-gcc, r-devel-linux-x86_64-fedora-clang, r-devel-linux-x86_64-fedora-gcc, r-devel-windows-x86_64, r-patched-linux-x86_64, r-release-linux-x86_64, r-oldrel-macos-arm64, r-oldrel-macos-x86_64, r-oldrel-windows-x86_64
Version: 0.1.0
Check: dependencies in R code
Result: NOTE
Namespace in Imports field not imported from: ‘utils’
All declared Imports should be used.
Flavors: r-devel-linux-x86_64-fedora-clang, r-devel-linux-x86_64-fedora-gcc, r-oldrel-macos-arm64, r-oldrel-macos-x86_64
Version: 0.1.0
Check: package dependencies
Result: ERROR
Package required but not available: ‘GSVA’
See section ‘The DESCRIPTION file’ in the ‘Writing R Extensions’
manual.
Flavors: r-release-macos-arm64, r-release-macos-x86_64
Version: 0.1.0
Check: whether package can be installed
Result: ERROR
Installation failed.
Flavor: r-release-windows-x86_64